{"id":82226,"date":"2024-02-26T14:31:29","date_gmt":"2024-02-26T13:31:29","guid":{"rendered":"https:\/\/www.kf-bruchsal.de\/?post_type=ctc_event&#038;p=82226"},"modified":"2024-07-26T22:15:23","modified_gmt":"2024-07-26T21:15:23","slug":"82226","status":"publish","type":"ctc_event","link":"https:\/\/www.kf-bruchsal.de\/index.php\/events\/82226\/","title":{"rendered":""},"content":{"rendered":"<p><img loading=\"lazy\" decoding=\"async\" class=\"alignnone wp-image-82229 size-full\" src=\"https:\/\/www.kf-bruchsal.de\/wp-content\/uploads\/2024\/02\/Superlative.jpg\" alt=\"\" width=\"1890\" height=\"756\" srcset=\"https:\/\/www.kf-bruchsal.de\/wp-content\/uploads\/2024\/02\/Superlative.jpg 1890w, https:\/\/www.kf-bruchsal.de\/wp-content\/uploads\/2024\/02\/Superlative-300x120.jpg 300w, https:\/\/www.kf-bruchsal.de\/wp-content\/uploads\/2024\/02\/Superlative-1024x410.jpg 1024w, https:\/\/www.kf-bruchsal.de\/wp-content\/uploads\/2024\/02\/Superlative-768x307.jpg 768w, https:\/\/www.kf-bruchsal.de\/wp-content\/uploads\/2024\/02\/Superlative-1536x614.jpg 1536w\" sizes=\"auto, (max-width: 1890px) 100vw, 1890px\" \/><\/p>\n<p>Wir staunen \u00fcber extreme, ungew\u00f6hnliche Dinge, die \u00fcber unseren Horizont hinausgehen. Wir sind fasziniert von gro\u00dfartigen Leistungen, der \u00e4ltesten Frau, dem gr\u00f6\u00dften Mann, dem j\u00fcngsten Weltumsegler, der l\u00e4ngsten Br\u00fccke, dem h\u00f6chsten Bauwerk, der gigantischsten Mauer\u2026 all das weckt unser Interesse.<br \/>\nWir wundern uns, dass es sowas gibt und staunen!<br \/>\nSTAUNEN \u00fcber <strong>Su<\/strong><strong>\u2502per<\/strong><strong>\u2502la<\/strong><strong>\u2502ti <\/strong><strong>\u2502ve <\/strong>in der Bibel?<br \/>\nUndenkbar! Oder etwa doch? Das werden wir in den n\u00e4chsten Monaten \u00fcberpr\u00fcfen.<\/p>\n<p>Die dazugeh\u00f6rigen Predigten sind (sofern vorhanden) unten verlinkt.<br \/>\nFr\u00fchere Predigten findest du auf unserer <span style=\"color: #ff6600;\"><em><a style=\"color: #ff6600;\" href=\"https:\/\/www.kf-bruchsal.de\/index.php\/predigten\/\">Predigtseite.<\/a><\/em><\/span><\/p>\n<p>Die Bibel ist voller Superlative:<br \/>\n03.03. <a href=\"https:\/\/www.kf-bruchsal.de\/index.php\/sermons\/das-kleinste-land-westafrikas-bericht-ueber-gambia-einsatz\/\">Das <u>kleinste<\/u> Land in Westafrika <em>(Bericht Auslandseinsatz)<\/em><\/a><br \/>\n10.03. <a href=\"https:\/\/www.kf-bruchsal.de\/index.php\/sermons\/die-meistgehasste-lehre-der-bibel\/\">Die <u>meistgehasste<\/u> Lehre der Bibel<\/a><br \/>\n17.03. <a href=\"https:\/\/www.kf-bruchsal.de\/?post_type=ctc_sermon&amp;p=82322&amp;preview=true\">Die <u>antiquierteste<\/u> Vorstellung von Ehe<\/a><br \/>\n24.03. <a href=\"https:\/\/www.kf-bruchsal.de\/index.php\/sermons\/das-beste-feuerzeug\/\">Das <span style=\"text-decoration: underline;\">beste<\/span> Feuerzeug<\/a><br \/>\n29.03. <a href=\"https:\/\/www.kf-bruchsal.de\/index.php\/sermons\/das-unglaublichste-opfer-karfreitag\/\">Das <u>unglaublichste<\/u> Opfer <em>(Karfreitag)<\/em><\/a><br \/>\n31.03. <a href=\"https:\/\/www.kf-bruchsal.de\/index.php\/sermons\/der-groesste-sieg\/\">Der <u>gr\u00f6\u00dfte<\/u> Sieg <em>(Ostersonntag)<\/em><\/a><br \/>\n07.04. <a href=\"https:\/\/www.kf-bruchsal.de\/index.php\/sermons\/der-beste-hoerer\/\">Der <span style=\"text-decoration: underline;\">beste<\/span> H\u00f6rer<\/a><br \/>\n14.04. <a href=\"https:\/\/www.kf-bruchsal.de\/index.php\/sermons\/2-koenige-4-1-7\/\">TIMEOUT<\/a> * 2.K\u00f6nige 4,1-7<br \/>\n21.04. <a href=\"https:\/\/www.kf-bruchsal.de\/index.php\/sermons\/todgeweihte-lebensspender\/\">TIMEOUT *<\/a> Todgeweihte Lebensspender<br \/>\n28.04. <a href=\"https:\/\/www.kf-bruchsal.de\/index.php\/sermons\/die-beste-nachricht\/\">Die <u>beste<\/u> Nachricht<\/a><br \/>\n05.05. <a href=\"https:\/\/www.kf-bruchsal.de\/index.php\/sermons\/die-dreistesten-ausreden\/\">Die <u>dreistesten<\/u> Ausreden<\/a><br \/>\n12.05. <a href=\"https:\/\/www.kf-bruchsal.de\/index.php\/sermons\/der-schmalste-weg\/\">Der <u>schmalste<\/u> Weg<\/a><br \/>\n19.05. <a href=\"https:\/\/www.kf-bruchsal.de\/index.php\/sermons\/das-grossartigste-versprechen\/\">Das <u>gro\u00dfartigste<\/u> Versprechen<\/a><br \/>\n26.05. <a href=\"https:\/\/www.kf-bruchsal.de\/index.php\/sermons\/die-unmoeglichsten-typen\/\">Die <u>unm\u00f6glichsten<\/u> Typen<\/a><br \/>\n02.06. <a href=\"https:\/\/www.kf-bruchsal.de\/index.php\/sermons\/salomo-vorbild-oder-warnung\/\">TIMEOUT *<\/a> Salomo-Vorbild oder Warnung?<br \/>\n09.06. <a href=\"https:\/\/www.kf-bruchsal.de\/index.php\/sermons\/das-widerspruechlichste-paradoxon\/\">Das <u>widerspr\u00fcchlichste<\/u> Paradoxon<\/a><br \/>\n16.06. <a href=\"https:\/\/www.kf-bruchsal.de\/index.php\/sermons\/das-ermutigendste-selbstgespraech\/\">Das <u>ermutigendste<\/u> Selbstgespr\u00e4ch<\/a><br \/>\n23.06. <a href=\"https:\/\/www.kf-bruchsal.de\/index.php\/sermons\/der-herausforderndste-glaube\/\">Der <span style=\"text-decoration: underline;\">herausforderndste<\/span> Glaube<\/a><br \/>\n30.06. <a href=\"https:\/\/www.kf-bruchsal.de\/index.php\/sermons\/back-to-the-roots-worin-liegt-meine-identitaet\/\">TIMEOUT *<\/a> Back To The Roots<br \/>\n07.07. <a href=\"https:\/\/www.kf-bruchsal.de\/index.php\/sermons\/wer-bin-ich-in-gottes-augen\/\">TIMEOUT *<\/a> Wer bist du in Gottes Augen?<br \/>\n14.07. <a href=\"https:\/\/www.kf-bruchsal.de\/index.php\/sermons\/wenn-gott-meinen-geduldsfaden-spannt\/\">TIMEOUT<\/a> * Wenn Gott meinen Geduldsfaden spannt<br \/>\n21.07.<a href=\"https:\/\/www.kf-bruchsal.de\/index.php\/sermons\/die-befreiendste-verneinung-in-der-schrift\/\"> Die <span style=\"text-decoration: underline;\">befreiendste<\/span> Verneinung in der Schrift<\/a><\/p>\n<p><em> * In unserer TIMEOUT Serie unterbrechen wir die laufende Predigtreihe und widmen <\/em><em>uns anderen Themen. Hierf\u00fcr laden wir gerne auch mal andere Pastoren ein.<\/em><\/p>\n<p>Wir laden dich herzlich ein, <strong>Su<\/strong><strong>\u2502per<\/strong><strong>\u2502la<\/strong><strong>\u2502ti <\/strong><strong>\u2502ve<\/strong> in der Bibel zu entdecken und freuen uns auf deinen Besuch!<\/p>\n","protected":false},"excerpt":{"rendered":"<p>Wir staunen \u00fcber extreme, ungew\u00f6hnliche Dinge, die \u00fcber unseren Horizont hinausgehen. Wir sind fasziniert von gro\u00dfartigen Leistungen, der \u00e4ltesten Frau, dem gr\u00f6\u00dften Mann, dem j\u00fcngsten Weltumsegler, der l\u00e4ngsten Br\u00fccke, dem h\u00f6chsten Bauwerk, der gigantischsten Mauer\u2026 all das weckt unser Interesse. Wir wundern uns, dass es sowas gibt und staunen! STAUNEN \u00fcber Su\u2502per\u2502la\u2502ti \u2502ve in der Bibel? Undenkbar! Oder etwa doch? Das werden wir in den n\u00e4chsten Monaten \u00fcberpr\u00fcfen. Die dazugeh\u00f6rigen Predigten sind (sofern vorhanden) unten verlinkt. Fr\u00fchere Predigten findest du [&hellip;]<\/p>\n","protected":false},"author":24784,"featured_media":82228,"comment_status":"closed","ping_status":"closed","template":"","meta":{"ngg_post_thumbnail":0,"footnotes":""},"ctc_event_category":[],"class_list":["post-82226","ctc_event","type-ctc_event","status-publish","has-post-thumbnail","hentry","ctfw-has-image"],"_links":{"self":[{"href":"https:\/\/www.kf-bruchsal.de\/index.php\/wp-json\/wp\/v2\/ctc_event\/82226","targetHints":{"allow":["GET"]}}],"collection":[{"href":"https:\/\/www.kf-bruchsal.de\/index.php\/wp-json\/wp\/v2\/ctc_event"}],"about":[{"href":"https:\/\/www.kf-bruchsal.de\/index.php\/wp-json\/wp\/v2\/types\/ctc_event"}],"author":[{"embeddable":true,"href":"https:\/\/www.kf-bruchsal.de\/index.php\/wp-json\/wp\/v2\/users\/24784"}],"replies":[{"embeddable":true,"href":"https:\/\/www.kf-bruchsal.de\/index.php\/wp-json\/wp\/v2\/comments?post=82226"}],"version-history":[{"count":41,"href":"https:\/\/www.kf-bruchsal.de\/index.php\/wp-json\/wp\/v2\/ctc_event\/82226\/revisions"}],"predecessor-version":[{"id":83022,"href":"https:\/\/www.kf-bruchsal.de\/index.php\/wp-json\/wp\/v2\/ctc_event\/82226\/revisions\/83022"}],"wp:featuredmedia":[{"embeddable":true,"href":"https:\/\/www.kf-bruchsal.de\/index.php\/wp-json\/wp\/v2\/media\/82228"}],"wp:attachment":[{"href":"https:\/\/www.kf-bruchsal.de\/index.php\/wp-json\/wp\/v2\/media?parent=82226"}],"wp:term":[{"taxonomy":"ctc_event_category","embeddable":true,"href":"https:\/\/www.kf-bruchsal.de\/index.php\/wp-json\/wp\/v2\/ctc_event_category?post=82226"}],"curies":[{"name":"wp","href":"https:\/\/api.w.org\/{rel}","templated":true}]}}

<p><img loading="lazy" decoding="async" class="alignnone wp-image-82229 size-full" src="https://www.kf-bruchsal.de/wp-content/uploads/2024/02/Superlative.jpg" alt="" width="1890" height="756" srcset="https://www.kf-bruchsal.de/wp-content/uploads/2024/02/Superlative.jpg 1890w, https://www.kf-bruchsal.de/wp-content/uploads/2024/02/Superlative-300x120.jpg 300w, https://www.kf-bruchsal.de/wp-content/uploads/2024/02/Superlative-1024x410.jpg 1024w, https://www.kf-bruchsal.de/wp-content/uploads/2024/02/Superlative-768x307.jpg 768w, https://www.kf-bruchsal.de/wp-content/uploads/2024/02/Superlative-1536x614.jpg 1536w" sizes="auto, (max-width: 1890px) 100vw, 1890px" /></p>
<p>Wir staunen über extreme, ungewöhnliche Dinge, die über unseren Horizont hinausgehen. Wir sind fasziniert von großartigen Leistungen, der ältesten Frau, dem größten Mann, dem jüngsten Weltumsegler, der längsten Brücke, dem höchsten Bauwerk, der gigantischsten Mauer… all das weckt unser Interesse.<br />
Wir wundern uns, dass es sowas gibt und staunen!<br />
STAUNEN über <strong>Su</strong><strong>│per</strong><strong>│la</strong><strong>│ti </strong><strong>│ve </strong>in der Bibel?<br />
Undenkbar! Oder etwa doch? Das werden wir in den nächsten Monaten überprüfen.</p>
<p>Die dazugehörigen Predigten sind (sofern vorhanden) unten verlinkt.<br />
Frühere Predigten findest du auf unserer <span style="color: #ff6600;"><em><a style="color: #ff6600;" href="https://www.kf-bruchsal.de/index.php/predigten/">Predigtseite.</a></em></span></p>
<p>Die Bibel ist voller Superlative:<br />
03.03. <a href="https://www.kf-bruchsal.de/index.php/sermons/das-kleinste-land-westafrikas-bericht-ueber-gambia-einsatz/">Das <u>kleinste</u> Land in Westafrika <em>(Bericht Auslandseinsatz)</em></a><br />
10.03. <a href="https://www.kf-bruchsal.de/index.php/sermons/die-meistgehasste-lehre-der-bibel/">Die <u>meistgehasste</u> Lehre der Bibel</a><br />
17.03. <a href="https://www.kf-bruchsal.de/?post_type=ctc_sermon&amp;p=82322&amp;preview=true">Die <u>antiquierteste</u> Vorstellung von Ehe</a><br />
24.03. <a href="https://www.kf-bruchsal.de/index.php/sermons/das-beste-feuerzeug/">Das <span style="text-decoration: underline;">beste</span> Feuerzeug</a><br />
29.03. <a href="https://www.kf-bruchsal.de/index.php/sermons/das-unglaublichste-opfer-karfreitag/">Das <u>unglaublichste</u> Opfer <em>(Karfreitag)</em></a><br />
31.03. <a href="https://www.kf-bruchsal.de/index.php/sermons/der-groesste-sieg/">Der <u>größte</u> Sieg <em>(Ostersonntag)</em></a><br />
07.04. <a href="https://www.kf-bruchsal.de/index.php/sermons/der-beste-hoerer/">Der <span style="text-decoration: underline;">beste</span> Hörer</a><br />
14.04. <a href="https://www.kf-bruchsal.de/index.php/sermons/2-koenige-4-1-7/">TIMEOUT</a> * 2.Könige 4,1-7<br />
21.04. <a href="https://www.kf-bruchsal.de/index.php/sermons/todgeweihte-lebensspender/">TIMEOUT *</a> Todgeweihte Lebensspender<br />
28.04. <a href="https://www.kf-bruchsal.de/index.php/sermons/die-beste-nachricht/">Die <u>beste</u> Nachricht</a><br />
05.05. <a href="https://www.kf-bruchsal.de/index.php/sermons/die-dreistesten-ausreden/">Die <u>dreistesten</u> Ausreden</a><br />
12.05. <a href="https://www.kf-bruchsal.de/index.php/sermons/der-schmalste-weg/">Der <u>schmalste</u> Weg</a><br />
19.05. <a href="https://www.kf-bruchsal.de/index.php/sermons/das-grossartigste-versprechen/">Das <u>großartigste</u> Versprechen</a><br />
26.05. <a href="https://www.kf-bruchsal.de/index.php/sermons/die-unmoeglichsten-typen/">Die <u>unmöglichsten</u> Typen</a><br />
02.06. <a href="https://www.kf-bruchsal.de/index.php/sermons/salomo-vorbild-oder-warnung/">TIMEOUT *</a> Salomo-Vorbild oder Warnung?<br />
09.06. <a href="https://www.kf-bruchsal.de/index.php/sermons/das-widerspruechlichste-paradoxon/">Das <u>widersprüchlichste</u> Paradoxon</a><br />
16.06. <a href="https://www.kf-bruchsal.de/index.php/sermons/das-ermutigendste-selbstgespraech/">Das <u>ermutigendste</u> Selbstgespräch</a><br />
23.06. <a href="https://www.kf-bruchsal.de/index.php/sermons/der-herausforderndste-glaube/">Der <span style="text-decoration: underline;">herausforderndste</span> Glaube</a><br />
30.06. <a href="https://www.kf-bruchsal.de/index.php/sermons/back-to-the-roots-worin-liegt-meine-identitaet/">TIMEOUT *</a> Back To The Roots<br />
07.07. <a href="https://www.kf-bruchsal.de/index.php/sermons/wer-bin-ich-in-gottes-augen/">TIMEOUT *</a> Wer bist du in Gottes Augen?<br />
14.07. <a href="https://www.kf-bruchsal.de/index.php/sermons/wenn-gott-meinen-geduldsfaden-spannt/">TIMEOUT</a> * Wenn Gott meinen Geduldsfaden spannt<br />
21.07.<a href="https://www.kf-bruchsal.de/index.php/sermons/die-befreiendste-verneinung-in-der-schrift/"> Die <span style="text-decoration: underline;">befreiendste</span> Verneinung in der Schrift</a></p>
<p><em> * In unserer TIMEOUT Serie unterbrechen wir die laufende Predigtreihe und widmen </em><em>uns anderen Themen. Hierfür laden wir gerne auch mal andere Pastoren ein.</em></p>
<p>Wir laden dich herzlich ein, <strong>Su</strong><strong>│per</strong><strong>│la</strong><strong>│ti </strong><strong>│ve</strong> in der Bibel zu entdecken und freuen uns auf deinen Besuch!</p>

<p>Wir staunen über extreme, ungewöhnliche Dinge, die über unseren Horizont hinausgehen. Wir sind fasziniert von großartigen Leistungen, der ältesten Frau, dem größten Mann, dem jüngsten Weltumsegler, der längsten Brücke, dem höchsten Bauwerk, der gigantischsten Mauer… all das weckt unser Interesse. Wir wundern uns, dass es sowas gibt und staunen! STAUNEN über Su│per│la│ti │ve in der Bibel? Undenkbar! Oder etwa doch? Das werden wir in den nächsten Monaten überprüfen. Die dazugehörigen Predigten sind (sofern vorhanden) unten verlinkt. Frühere Predigten findest du [&hellip;]</p>
