{"id":85216,"date":"2025-11-24T14:50:08","date_gmt":"2025-11-24T13:50:08","guid":{"rendered":"https:\/\/www.kf-bruchsal.de\/?post_type=ctc_event&#038;p=85216"},"modified":"2025-12-21T18:18:12","modified_gmt":"2025-12-21T17:18:12","slug":"85216","status":"publish","type":"ctc_event","link":"https:\/\/www.kf-bruchsal.de\/index.php\/events\/85216\/","title":{"rendered":""},"content":{"rendered":"<p>Advent bedeutet \u201eAnkunft\u201c und damit wird angedeutet, dass dies auch \u201eZeit des Wartens\u201c bedeutet. Denn warum sollte ich von einer Ankunft ausgehen, von der ich nichts wei\u00df? Daher ist dieses Warten kein passives Ausharren oder ein Hoffen auf etwas Ungewisses, sondern Advent ist eine gespannte Erwartung \u2013 n\u00e4mlich die Zeit zwischen dem, was Gott zugesagt hat, und dem, was dann mit der Ankunft von Jesus wirklich erf\u00fcllt wurde. Gerade in den Ereignissen um Advent und Weihnachten k\u00f6nnen wir von Menschen in der Bibel wie Maria, Zacharias oder Simeon lernen, die im \u201eDazwischen\u201c lebten und ihr Vertrauen in Gottes Timing bewiesen.<br \/>\nWir wollen in dieser kleinen Adventsserie einige der Personen kennenlernen, die in dieser Spannung lebten und von ihnen lernen, da auch wir in der Spannung einer zuk\u00fcnftigen Wiederkunft dieses Messias Jesus leben.<\/p>\n<p>Die dazugeh\u00f6rigen Predigten sind (sofern vorhanden) unten verlinkt. Weitere Predigten findest du auf unserer <em><a href=\"https:\/\/www.kf-bruchsal.de\/index.php\/predigten\/\">Predigtseite.<\/a><\/em><\/p>\n<p>30.11.25 Advent&#8230;<a href=\"https:\/\/www.kf-bruchsal.de\/index.php\/sermons\/advent-zielpunkt-aller-prophetie\/\">Zielpunkt aller Prophetie<\/a><br \/>\n07.12.25 Advent&#8230;<a href=\"https:\/\/www.kf-bruchsal.de\/index.php\/sermons\/advent-ein-anlass-zum-widerspruch\/\">ein Anlass zum Widerspruch<\/a><br \/>\n14.12.25 Advent&#8230;<a href=\"https:\/\/www.kf-bruchsal.de\/index.php\/sermons\/advent-warten-fuehrt-zur-freude\/\">Warten f\u00fchrt zur Freude<\/a><br \/>\n21.12.25 Advent&#8230;<a href=\"https:\/\/www.kf-bruchsal.de\/index.php\/sermons\/advent-als-lebensstil\/\">als Lebensstil<\/a><\/p>\n","protected":false},"excerpt":{"rendered":"<p>Advent bedeutet \u201eAnkunft\u201c und damit wird angedeutet, dass dies auch \u201eZeit des Wartens\u201c bedeutet. Denn warum sollte ich von einer Ankunft ausgehen, von der ich nichts wei\u00df? Daher ist dieses Warten kein passives Ausharren oder ein Hoffen auf etwas Ungewisses, sondern Advent ist eine gespannte Erwartung \u2013 n\u00e4mlich die Zeit zwischen dem, was Gott zugesagt hat, und dem, was dann mit der Ankunft von Jesus wirklich erf\u00fcllt wurde. Gerade in den Ereignissen um Advent und Weihnachten k\u00f6nnen wir von Menschen [&hellip;]<\/p>\n","protected":false},"author":24784,"featured_media":85215,"comment_status":"closed","ping_status":"closed","template":"","meta":{"ngg_post_thumbnail":0,"footnotes":""},"ctc_event_category":[],"class_list":["post-85216","ctc_event","type-ctc_event","status-publish","has-post-thumbnail","hentry","ctfw-has-image"],"_links":{"self":[{"href":"https:\/\/www.kf-bruchsal.de\/index.php\/wp-json\/wp\/v2\/ctc_event\/85216","targetHints":{"allow":["GET"]}}],"collection":[{"href":"https:\/\/www.kf-bruchsal.de\/index.php\/wp-json\/wp\/v2\/ctc_event"}],"about":[{"href":"https:\/\/www.kf-bruchsal.de\/index.php\/wp-json\/wp\/v2\/types\/ctc_event"}],"author":[{"embeddable":true,"href":"https:\/\/www.kf-bruchsal.de\/index.php\/wp-json\/wp\/v2\/users\/24784"}],"replies":[{"embeddable":true,"href":"https:\/\/www.kf-bruchsal.de\/index.php\/wp-json\/wp\/v2\/comments?post=85216"}],"version-history":[{"count":6,"href":"https:\/\/www.kf-bruchsal.de\/index.php\/wp-json\/wp\/v2\/ctc_event\/85216\/revisions"}],"predecessor-version":[{"id":85351,"href":"https:\/\/www.kf-bruchsal.de\/index.php\/wp-json\/wp\/v2\/ctc_event\/85216\/revisions\/85351"}],"wp:featuredmedia":[{"embeddable":true,"href":"https:\/\/www.kf-bruchsal.de\/index.php\/wp-json\/wp\/v2\/media\/85215"}],"wp:attachment":[{"href":"https:\/\/www.kf-bruchsal.de\/index.php\/wp-json\/wp\/v2\/media?parent=85216"}],"wp:term":[{"taxonomy":"ctc_event_category","embeddable":true,"href":"https:\/\/www.kf-bruchsal.de\/index.php\/wp-json\/wp\/v2\/ctc_event_category?post=85216"}],"curies":[{"name":"wp","href":"https:\/\/api.w.org\/{rel}","templated":true}]}}

<p>Advent bedeutet „Ankunft“ und damit wird angedeutet, dass dies auch „Zeit des Wartens“ bedeutet. Denn warum sollte ich von einer Ankunft ausgehen, von der ich nichts weiß? Daher ist dieses Warten kein passives Ausharren oder ein Hoffen auf etwas Ungewisses, sondern Advent ist eine gespannte Erwartung – nämlich die Zeit zwischen dem, was Gott zugesagt hat, und dem, was dann mit der Ankunft von Jesus wirklich erfüllt wurde. Gerade in den Ereignissen um Advent und Weihnachten können wir von Menschen in der Bibel wie Maria, Zacharias oder Simeon lernen, die im „Dazwischen“ lebten und ihr Vertrauen in Gottes Timing bewiesen.<br />
Wir wollen in dieser kleinen Adventsserie einige der Personen kennenlernen, die in dieser Spannung lebten und von ihnen lernen, da auch wir in der Spannung einer zukünftigen Wiederkunft dieses Messias Jesus leben.</p>
<p>Die dazugehörigen Predigten sind (sofern vorhanden) unten verlinkt. Weitere Predigten findest du auf unserer <em><a href="https://www.kf-bruchsal.de/index.php/predigten/">Predigtseite.</a></em></p>
<p>30.11.25 Advent&#8230;<a href="https://www.kf-bruchsal.de/index.php/sermons/advent-zielpunkt-aller-prophetie/">Zielpunkt aller Prophetie</a><br />
07.12.25 Advent&#8230;<a href="https://www.kf-bruchsal.de/index.php/sermons/advent-ein-anlass-zum-widerspruch/">ein Anlass zum Widerspruch</a><br />
14.12.25 Advent&#8230;<a href="https://www.kf-bruchsal.de/index.php/sermons/advent-warten-fuehrt-zur-freude/">Warten führt zur Freude</a><br />
21.12.25 Advent&#8230;<a href="https://www.kf-bruchsal.de/index.php/sermons/advent-als-lebensstil/">als Lebensstil</a></p>

<p>Advent bedeutet „Ankunft“ und damit wird angedeutet, dass dies auch „Zeit des Wartens“ bedeutet. Denn warum sollte ich von einer Ankunft ausgehen, von der ich nichts weiß? Daher ist dieses Warten kein passives Ausharren oder ein Hoffen auf etwas Ungewisses, sondern Advent ist eine gespannte Erwartung – nämlich die Zeit zwischen dem, was Gott zugesagt hat, und dem, was dann mit der Ankunft von Jesus wirklich erfüllt wurde. Gerade in den Ereignissen um Advent und Weihnachten können wir von Menschen [&hellip;]</p>
