{"id":85476,"date":"2026-01-11T16:08:23","date_gmt":"2026-01-11T15:08:23","guid":{"rendered":"https:\/\/www.kf-bruchsal.de\/?post_type=ctc_event&#038;p=85476"},"modified":"2026-04-19T18:41:07","modified_gmt":"2026-04-19T17:41:07","slug":"85476","status":"publish","type":"ctc_event","link":"https:\/\/www.kf-bruchsal.de\/index.php\/events\/85476\/","title":{"rendered":""},"content":{"rendered":"<p><img loading=\"lazy\" decoding=\"async\" class=\"alignnone wp-image-85477 size-large\" src=\"https:\/\/www.kf-bruchsal.de\/wp-content\/uploads\/2026\/01\/Flyer-Aussen-Einladung-1024x576.jpeg\" alt=\"\" width=\"1024\" height=\"576\" srcset=\"https:\/\/www.kf-bruchsal.de\/wp-content\/uploads\/2026\/01\/Flyer-Aussen-Einladung-1024x576.jpeg 1024w, https:\/\/www.kf-bruchsal.de\/wp-content\/uploads\/2026\/01\/Flyer-Aussen-Einladung-300x169.jpeg 300w, https:\/\/www.kf-bruchsal.de\/wp-content\/uploads\/2026\/01\/Flyer-Aussen-Einladung-768x432.jpeg 768w, https:\/\/www.kf-bruchsal.de\/wp-content\/uploads\/2026\/01\/Flyer-Aussen-Einladung.jpeg 1280w\" sizes=\"auto, (max-width: 1024px) 100vw, 1024px\" \/><\/p>\n<p class=\"elementToProof\"><i>Es mag unseren Verstand sprengen, aber wer meint, dass Gott so gerne alle retten will, dabei aber schlicht und einfach am Willen des Menschen scheitern w\u00fcrde, der untersch\u00e4tzt die Kraft des Evangeliums. Worin liegt aber die Kraft des Evangeliums und was sagt dieses Evangelium wirklich?<\/i><\/p>\n<div class=\"elementToProof\"><i>Es sind so viele Pseudo-Evangelien unterwegs, manche werden sogar von Kanzeln gepredigt: Das Wohlstandsevangelium, ein soziales Evangelium, ein politisches Evangelium, ein \u201eGott-ist-nur-Liebe\u201c-Evangelium usw.&nbsp; &#8211; alle sind weit weg vom Original, so dass man tats\u00e4chlich einen Weg zur\u00fcck gehen muss zu den urspr\u00fcnglichen Aussagen. Das bedeutet bisherige Vorstellungen \u00fcberpr\u00fcfen, die alten Schriften der Bibel neu zu h\u00f6ren und vielleicht liebgewordene Ideen zu verlassen, um das alte und urspr\u00fcngliche Evangelium wiederzuentdecken. Denn wenn wir das falsche Evangelium glauben, dann ist es egal, wie ernsthaft wir in unserem Glauben sind, wir w\u00e4ren dann lediglich ernsthaft falsch darin.<\/i><\/div>\n<div class=\"elementToProof\"><i>Wir laden daher jeden ein, diesen bestimmt nicht nur leichten Weg mit uns an unseren Sonntaggottesdiensten um 10:30 Uhr mitzugehen, um die Herrlichkeit des Evangeliums und die Hoffnung und die Kraft, die dort gegeben ist, zu verstehen und zu erleben: <\/i><b><i>Das alte Evangelium &#8211; zur\u00fcck zum Original<\/i><\/b><i>.<\/i><\/div>\n<div><em>&#8211; Daniel Krug &#8211;<\/em><\/div>\n<div>&nbsp;<\/div>\n<div>Die dazugeh\u00f6rigen Predigten sind (sofern vorhanden) unten verlinkt. Weitere Predigten findest du auf unserer <em><a href=\"https:\/\/www.kf-bruchsal.de\/index.php\/predigten\/\">Predigtseite.<\/a><\/em><\/div>\n<div>&nbsp;<\/div>\n<p>18.01.2026 <a href=\"https:\/\/www.kf-bruchsal.de\/index.php\/sermons\/zurueck-zum-original\/\">Zur\u00fcck zum Original<\/a><br \/>\n25.01.2026 <a href=\"https:\/\/www.kf-bruchsal.de\/index.php\/sermons\/die-umdeutung-des-evangeliums\/\">Die Umdeutung des Evangeliums<\/a><br \/>\n01.02.2026 <a href=\"https:\/\/www.kf-bruchsal.de\/index.php\/sermons\/der-kampf-um-die-wahre-deutung-des-evangeliums\/\">Der Kampf um die wahre Deutung des Evangeliums<\/a><br \/>\n15.02.2026 <a href=\"https:\/\/www.kf-bruchsal.de\/index.php\/sermons\/das-zentrum-des-evangeliums\/\">Das Zentrum des Evangeliums<\/a><br \/>\n22.02.2026 <a href=\"https:\/\/www.kf-bruchsal.de\/index.php\/sermons\/die-veraendernde-kraft-des-evangeliums\/\">Die ver\u00e4ndernde Kraft des Evangeliums<\/a><br \/>\n01.03.2026 <a href=\"https:\/\/www.kf-bruchsal.de\/index.php\/sermons\/wie-sollen-wir-denn-jetzt-leben\/\">Wie sollen wir denn jetzt leben?<\/a><br \/>\n08.03.2026 <a href=\"https:\/\/www.kf-bruchsal.de\/index.php\/sermons\/was-sollen-wir-denn-jetzt-glauben\/\">Was sollen wir denn jetzt glauben?<\/a><br \/>\n22.03.2026 <a href=\"https:\/\/www.kf-bruchsal.de\/index.php\/sermons\/vorsicht-das-sind-calvinisten\/\">Vorsicht, das sind Calvinisten!<\/a><br \/>\n29.03.2026 <a href=\"https:\/\/www.kf-bruchsal.de\/index.php\/sermons\/die-illusion-der-selbstbestimmung\/\">Die Illusion der Selbstbestimmung<\/a><br \/>\n19.04.2026 <a href=\"https:\/\/www.kf-bruchsal.de\/index.php\/sermons\/edel-sei-der-mensch-hilfreich-und-gut\/\">Edel sei der Mensch, hilfreich und gut<\/a><\/p>\n","protected":false},"excerpt":{"rendered":"<p>Es mag unseren Verstand sprengen, aber wer meint, dass Gott so gerne alle retten will, dabei aber schlicht und einfach am Willen des Menschen scheitern w\u00fcrde, der untersch\u00e4tzt die Kraft des Evangeliums. Worin liegt aber die Kraft des Evangeliums und was sagt dieses Evangelium wirklich? Es sind so viele Pseudo-Evangelien unterwegs, manche werden sogar von Kanzeln gepredigt: Das Wohlstandsevangelium, ein soziales Evangelium, ein politisches Evangelium, ein \u201eGott-ist-nur-Liebe\u201c-Evangelium usw.&nbsp; &#8211; alle sind weit weg vom Original, so dass man tats\u00e4chlich einen [&hellip;]<\/p>\n","protected":false},"author":24784,"featured_media":85413,"comment_status":"closed","ping_status":"closed","template":"","meta":{"ngg_post_thumbnail":0,"footnotes":""},"ctc_event_category":[],"class_list":["post-85476","ctc_event","type-ctc_event","status-publish","has-post-thumbnail","hentry","ctfw-has-image"],"_links":{"self":[{"href":"https:\/\/www.kf-bruchsal.de\/index.php\/wp-json\/wp\/v2\/ctc_event\/85476","targetHints":{"allow":["GET"]}}],"collection":[{"href":"https:\/\/www.kf-bruchsal.de\/index.php\/wp-json\/wp\/v2\/ctc_event"}],"about":[{"href":"https:\/\/www.kf-bruchsal.de\/index.php\/wp-json\/wp\/v2\/types\/ctc_event"}],"author":[{"embeddable":true,"href":"https:\/\/www.kf-bruchsal.de\/index.php\/wp-json\/wp\/v2\/users\/24784"}],"replies":[{"embeddable":true,"href":"https:\/\/www.kf-bruchsal.de\/index.php\/wp-json\/wp\/v2\/comments?post=85476"}],"version-history":[{"count":22,"href":"https:\/\/www.kf-bruchsal.de\/index.php\/wp-json\/wp\/v2\/ctc_event\/85476\/revisions"}],"predecessor-version":[{"id":85800,"href":"https:\/\/www.kf-bruchsal.de\/index.php\/wp-json\/wp\/v2\/ctc_event\/85476\/revisions\/85800"}],"wp:featuredmedia":[{"embeddable":true,"href":"https:\/\/www.kf-bruchsal.de\/index.php\/wp-json\/wp\/v2\/media\/85413"}],"wp:attachment":[{"href":"https:\/\/www.kf-bruchsal.de\/index.php\/wp-json\/wp\/v2\/media?parent=85476"}],"wp:term":[{"taxonomy":"ctc_event_category","embeddable":true,"href":"https:\/\/www.kf-bruchsal.de\/index.php\/wp-json\/wp\/v2\/ctc_event_category?post=85476"}],"curies":[{"name":"wp","href":"https:\/\/api.w.org\/{rel}","templated":true}]}}

<p><img loading="lazy" decoding="async" class="alignnone wp-image-85477 size-large" src="https://www.kf-bruchsal.de/wp-content/uploads/2026/01/Flyer-Aussen-Einladung-1024x576.jpeg" alt="" width="1024" height="576" srcset="https://www.kf-bruchsal.de/wp-content/uploads/2026/01/Flyer-Aussen-Einladung-1024x576.jpeg 1024w, https://www.kf-bruchsal.de/wp-content/uploads/2026/01/Flyer-Aussen-Einladung-300x169.jpeg 300w, https://www.kf-bruchsal.de/wp-content/uploads/2026/01/Flyer-Aussen-Einladung-768x432.jpeg 768w, https://www.kf-bruchsal.de/wp-content/uploads/2026/01/Flyer-Aussen-Einladung.jpeg 1280w" sizes="auto, (max-width: 1024px) 100vw, 1024px" /></p>
<p class="elementToProof"><i>Es mag unseren Verstand sprengen, aber wer meint, dass Gott so gerne alle retten will, dabei aber schlicht und einfach am Willen des Menschen scheitern würde, der unterschätzt die Kraft des Evangeliums. Worin liegt aber die Kraft des Evangeliums und was sagt dieses Evangelium wirklich?</i></p>
<div class="elementToProof"><i>Es sind so viele Pseudo-Evangelien unterwegs, manche werden sogar von Kanzeln gepredigt: Das Wohlstandsevangelium, ein soziales Evangelium, ein politisches Evangelium, ein „Gott-ist-nur-Liebe“-Evangelium usw.&nbsp; &#8211; alle sind weit weg vom Original, so dass man tatsächlich einen Weg zurück gehen muss zu den ursprünglichen Aussagen. Das bedeutet bisherige Vorstellungen überprüfen, die alten Schriften der Bibel neu zu hören und vielleicht liebgewordene Ideen zu verlassen, um das alte und ursprüngliche Evangelium wiederzuentdecken. Denn wenn wir das falsche Evangelium glauben, dann ist es egal, wie ernsthaft wir in unserem Glauben sind, wir wären dann lediglich ernsthaft falsch darin.</i></div>
<div class="elementToProof"><i>Wir laden daher jeden ein, diesen bestimmt nicht nur leichten Weg mit uns an unseren Sonntaggottesdiensten um 10:30 Uhr mitzugehen, um die Herrlichkeit des Evangeliums und die Hoffnung und die Kraft, die dort gegeben ist, zu verstehen und zu erleben: </i><b><i>Das alte Evangelium &#8211; zurück zum Original</i></b><i>.</i></div>
<div><em>&#8211; Daniel Krug &#8211;</em></div>
<div>&nbsp;</div>
<div>Die dazugehörigen Predigten sind (sofern vorhanden) unten verlinkt. Weitere Predigten findest du auf unserer <em><a href="https://www.kf-bruchsal.de/index.php/predigten/">Predigtseite.</a></em></div>
<div>&nbsp;</div>
<p>18.01.2026 <a href="https://www.kf-bruchsal.de/index.php/sermons/zurueck-zum-original/">Zurück zum Original</a><br />
25.01.2026 <a href="https://www.kf-bruchsal.de/index.php/sermons/die-umdeutung-des-evangeliums/">Die Umdeutung des Evangeliums</a><br />
01.02.2026 <a href="https://www.kf-bruchsal.de/index.php/sermons/der-kampf-um-die-wahre-deutung-des-evangeliums/">Der Kampf um die wahre Deutung des Evangeliums</a><br />
15.02.2026 <a href="https://www.kf-bruchsal.de/index.php/sermons/das-zentrum-des-evangeliums/">Das Zentrum des Evangeliums</a><br />
22.02.2026 <a href="https://www.kf-bruchsal.de/index.php/sermons/die-veraendernde-kraft-des-evangeliums/">Die verändernde Kraft des Evangeliums</a><br />
01.03.2026 <a href="https://www.kf-bruchsal.de/index.php/sermons/wie-sollen-wir-denn-jetzt-leben/">Wie sollen wir denn jetzt leben?</a><br />
08.03.2026 <a href="https://www.kf-bruchsal.de/index.php/sermons/was-sollen-wir-denn-jetzt-glauben/">Was sollen wir denn jetzt glauben?</a><br />
22.03.2026 <a href="https://www.kf-bruchsal.de/index.php/sermons/vorsicht-das-sind-calvinisten/">Vorsicht, das sind Calvinisten!</a><br />
29.03.2026 <a href="https://www.kf-bruchsal.de/index.php/sermons/die-illusion-der-selbstbestimmung/">Die Illusion der Selbstbestimmung</a><br />
19.04.2026 <a href="https://www.kf-bruchsal.de/index.php/sermons/edel-sei-der-mensch-hilfreich-und-gut/">Edel sei der Mensch, hilfreich und gut</a></p>

<p>Es mag unseren Verstand sprengen, aber wer meint, dass Gott so gerne alle retten will, dabei aber schlicht und einfach am Willen des Menschen scheitern würde, der unterschätzt die Kraft des Evangeliums. Worin liegt aber die Kraft des Evangeliums und was sagt dieses Evangelium wirklich? Es sind so viele Pseudo-Evangelien unterwegs, manche werden sogar von Kanzeln gepredigt: Das Wohlstandsevangelium, ein soziales Evangelium, ein politisches Evangelium, ein „Gott-ist-nur-Liebe“-Evangelium usw.&nbsp; &#8211; alle sind weit weg vom Original, so dass man tatsächlich einen [&hellip;]</p>
