{"id":86268,"date":"2026-08-30T16:17:52","date_gmt":"2026-08-30T15:17:52","guid":{"rendered":"https:\/\/www.kf-bruchsal.de\/?post_type=ctc_sermon&#038;p=86268"},"modified":"2026-08-30T16:21:23","modified_gmt":"2026-08-30T15:21:23","slug":"die-groesse-der-erloesung","status":"publish","type":"ctc_sermon","link":"https:\/\/www.kf-bruchsal.de\/index.php\/sermons\/die-groesse-der-erloesung\/","title":{"rendered":"Die Gr\u00f6\u00dfe der Erl\u00f6sung"},"content":{"rendered":"","protected":false},"excerpt":{"rendered":"","protected":false},"author":24784,"featured_media":85413,"comment_status":"closed","ping_status":"closed","template":"","meta":{"ngg_post_thumbnail":0,"footnotes":""},"ctc_sermon_topic":[163],"ctc_sermon_book":[],"ctc_sermon_series":[237],"ctc_sermon_speaker":[66],"ctc_sermon_tag":[],"class_list":["post-86268","ctc_sermon","type-ctc_sermon","status-publish","has-post-thumbnail","hentry","ctc_sermon_topic-kreuz","ctc_sermon_series-das-alte-evangelium","ctc_sermon_speaker-daniel-krug","ctfw-has-image"],"_links":{"self":[{"href":"https:\/\/www.kf-bruchsal.de\/index.php\/wp-json\/wp\/v2\/ctc_sermon\/86268","targetHints":{"allow":["GET"]}}],"collection":[{"href":"https:\/\/www.kf-bruchsal.de\/index.php\/wp-json\/wp\/v2\/ctc_sermon"}],"about":[{"href":"https:\/\/www.kf-bruchsal.de\/index.php\/wp-json\/wp\/v2\/types\/ctc_sermon"}],"author":[{"embeddable":true,"href":"https:\/\/www.kf-bruchsal.de\/index.php\/wp-json\/wp\/v2\/users\/24784"}],"replies":[{"embeddable":true,"href":"https:\/\/www.kf-bruchsal.de\/index.php\/wp-json\/wp\/v2\/comments?post=86268"}],"version-history":[{"count":1,"href":"https:\/\/www.kf-bruchsal.de\/index.php\/wp-json\/wp\/v2\/ctc_sermon\/86268\/revisions"}],"predecessor-version":[{"id":86269,"href":"https:\/\/www.kf-bruchsal.de\/index.php\/wp-json\/wp\/v2\/ctc_sermon\/86268\/revisions\/86269"}],"wp:featuredmedia":[{"embeddable":true,"href":"https:\/\/www.kf-bruchsal.de\/index.php\/wp-json\/wp\/v2\/media\/85413"}],"wp:attachment":[{"href":"https:\/\/www.kf-bruchsal.de\/index.php\/wp-json\/wp\/v2\/media?parent=86268"}],"wp:term":[{"taxonomy":"ctc_sermon_topic","embeddable":true,"href":"https:\/\/www.kf-bruchsal.de\/index.php\/wp-json\/wp\/v2\/ctc_sermon_topic?post=86268"},{"taxonomy":"ctc_sermon_book","embeddable":true,"href":"https:\/\/www.kf-bruchsal.de\/index.php\/wp-json\/wp\/v2\/ctc_sermon_book?post=86268"},{"taxonomy":"ctc_sermon_series","embeddable":true,"href":"https:\/\/www.kf-bruchsal.de\/index.php\/wp-json\/wp\/v2\/ctc_sermon_series?post=86268"},{"taxonomy":"ctc_sermon_speaker","embeddable":true,"href":"https:\/\/www.kf-bruchsal.de\/index.php\/wp-json\/wp\/v2\/ctc_sermon_speaker?post=86268"},{"taxonomy":"ctc_sermon_tag","embeddable":true,"href":"https:\/\/www.kf-bruchsal.de\/index.php\/wp-json\/wp\/v2\/ctc_sermon_tag?post=86268"}],"curies":[{"name":"wp","href":"https:\/\/api.w.org\/{rel}","templated":true}]}}

Die Größe der Erlösung
