{"id":4240,"date":"2018-09-26T11:44:50","date_gmt":"2018-09-26T10:44:50","guid":{"rendered":"http:\/\/www.kf-bruchsal.de\/?page_id=4240"},"modified":"2023-11-28T15:35:00","modified_gmt":"2023-11-28T14:35:00","slug":"werte","status":"publish","type":"page","link":"https:\/\/www.kf-bruchsal.de\/index.php\/werte\/","title":{"rendered":"Unsere Werte"},"content":{"rendered":"\r\n<div class=\"wp-block-columns eplus-SsX4pg is-layout-flex wp-container-core-columns-is-layout-9d6595d7 wp-block-columns-is-layout-flex\">\r\n<div class=\"wp-block-column eplus-aHdsm1 is-layout-flow wp-block-column-is-layout-flow\" style=\"flex-basis: 100%;\">\r\n<div class=\"wp-block-group eplus-i52T82\"><div class=\"wp-block-group__inner-container is-layout-flow wp-block-group-is-layout-flow\">\r\n<div class=\"wp-block-columns eplus-PVfpvV is-layout-flex wp-container-core-columns-is-layout-9d6595d7 wp-block-columns-is-layout-flex\">\r\n<div class=\"wp-block-column eplus-Qw1C1M is-layout-flow wp-block-column-is-layout-flow\" style=\"flex-basis: 100%;\">\r\n<h3><b>Kernwerte<br><\/b><\/h3>\r\n\r\n\r\n\r\n<p class=\"eplus-JnVJEN\">Als Gemeinde haben wir ausgehend von Markus 3,13-15 und Matth\u00e4us 28,18-20 unser Miteinander, unseren Auftrag und unsere Strategie wie folgt formuliert: Wir wollen Menschen helfen, ein ganz auf Jesus Christus ausgerichtetes Leben zu f\u00fchren, indem wir sie ausr\u00fcsten und ermutigen<\/p>\r\n<\/div>\r\n<\/div>\r\n\r\n\r\n\r\n<ul class=\"eplus-4tvWtV wp-block-list\">\r\n<li>Vertrautheit mit Gott zu suchen (Sammlung),<\/li>\r\n<li>ihr Umfeld segnend zu beeinflussen (Sendung),<\/li>\r\n<li>und echte Beziehung in einer Gemeinschaft zu leben (Aufbau).<\/li>\r\n<\/ul>\r\n\r\n\r\n\r\n<p class=\"eplus-DGHIb2\">Neben diesem Kernauftrag stehen wir als Gemeinde unter anderem f\u00fcr folgende Werte:<\/p>\r\n\r\n\r\n\r\n<p class=\"eplus-kK04Qu\"><strong>GOTT-ZENTRIERT<br><\/strong>Wir sind zutiefst davon \u00fcberzeugt, dass es nicht in erster Linie um uns, sondern um Gott geht. Wir wollen uns nicht um uns selbst drehen, sondern uns auf Gott ausrichten und ihn ehren.<\/p>\r\n<p class=\"eplus-kK04Qu\"><strong>EVANGELIUMS-ZENTRIERT<br><\/strong>Das Evangelium erlaubt uns, als Christ aus der Gnade Gottes heraus zu leben und nicht angetrieben zu sein von einem frommen Leistungsdenken. Daher wollen wir in allem, was wir tun, auf Jesus Christus ausgerichtet sein. Gottes Gnade begegnet uns in Jesus, befreit uns und gestaltet uns um in sein Bild.<\/p>\r\n\r\n\r\n\r\n\r\n\r\n<p class=\"eplus-BXgse9\"><strong>BIBEL-ORIENTIERT<br><\/strong>Die Bibel ist der verbindliche Ma\u00dfstab f\u00fcr unser Denken und Handeln. Zur Umsetzung biblischer Ma\u00dfst\u00e4be in unserem Leben kommt es nur durch einen kontinuierlichen Lern- und Ver\u00e4nderungsprozess. Dabei ist neben einer theologisch fundierten Lehre in der Gemeinde gerade das gemeinsame Nachdenken \u00fcber biblische Wahrheiten von zentraler Bedeutung.<\/p>\r\n\r\n\r\n\r\n<p class=\"eplus-9kAAgM\"><strong>LIEBE ZUR STADT<br><\/strong>Als Kirche f\u00fcr Bruchsal wollen wir der Stadt dienen: \u201eBem\u00fcht euch um das Wohl der Stadt, in die ich euch weggef\u00fchrt habe, und betet f\u00fcr sie zum Herrn.\u201c (Jeremia 29,7). Wir wollen als Bruchsaler auch gute Nachbarn sein und der Stadt dienen. Die M\u00f6glichkeiten daf\u00fcr sind vielf\u00e4ltig. Als Gemeinde m\u00f6chten wir:<\/p>\r\n\r\n\r\n\r\n<ul class=\"eplus-dwTU1j wp-block-list\">\r\n<li>Lebensr\u00e4ume schaffen, in denen Kinder und Jugendliche sich wohl f\u00fchlen und entwickeln k\u00f6nnen<\/li>\r\n<li>f\u00fcr die Stadt selbst und die Verantwortungstr\u00e4ger, die das Geschehen in der Stadt lenken, beten<\/li>\r\n<li>die lebensver\u00e4ndernde Botschaft des Evangeliums liebevoll und f\u00fcr unsere Zeit verst\u00e4ndlich weitersagen und Menschen in unsere Gottesdienste einladen.<\/li>\r\n<\/ul>\r\n\r\n\r\n\r\n<p class=\"eplus-8jNF9u\"><strong>ANNAHME<br><\/strong>Wir wollen jedem Menschen offen und freundlich begegnen und ihn respektieren, gerade auch dann, wenn wir seine Ansichten und seinen Lebensstil nicht teilen oder guthei\u00dfen k\u00f6nnen. Wir wollen Gottes Liebe widerspiegeln, indem wir Menschen in innerlichen und \u00e4u\u00dferlichen Notsituationen eine Hilfe zum Leben bieten.<br><br><strong>EINHEIT IN VIELFALT (Epheser 4,1-16)<br><\/strong>Jeder in der KfB kommt aus einem anderen Hintergrund, mit seiner eigenen Biographie, seiner Art und seinem Charakter, jeder hat andere F\u00e4higkeiten und theologische Pr\u00e4gungen. Zwischen all diesen unterschiedlichen Menschen hat Gott in der Gemeinde eine Einheit geschaffen und wir wollen all diese Unterschiede nutzen und sie nicht als Trennung sehen. Wir sollen uns bem\u00fchen die Einheit zu bewahren. Dazu geh\u00f6rt die gemeinsame Verantwortung in der Gemeinde, die \u201eEinander\u201c der Bibel zu leben. Wir sollen:<\/p>\r\n\r\n\r\n\r\n<ul class=\"eplus-xSTIpb wp-block-list\">\r\n<li>einander ermuntern (Hebr\u00e4er 10,24-25)<\/li>\r\n<li>f\u00fcreinander beten (Jakobus 5,16)<\/li>\r\n<li>einander lieben (Galater 5,13; Epheser 4,2; 1. Petrus 1,22)<\/li>\r\n<li>einander lehren (Kolosser 3,16)<\/li>\r\n<li>einander erbauen (R\u00f6mer 14,19; 1. Thessalonicher 5,11)<\/li>\r\n<li>einander ermahnen (R\u00f6mer 15,14; Kolosser 3,16).<\/li>\r\n<\/ul>\r\n\r\n\r\n\r\n<p class=\"eplus-7g6c3g\">Die vier V\u2019s geben uns hierbei Orientierung:<\/p>\r\n\r\n\r\n\r\n<ul class=\"eplus-XMw14b wp-block-list\">\r\n<li>Verbindlichkeit<\/li>\r\n<li>Vertrauen<\/li>\r\n<li>Verantwortung<\/li>\r\n<li>Ver\u00e4nderung<br><br><\/li>\r\n<\/ul>\r\n\r\n\r\n\r\n<p class=\"eplus-9xAMZj\"><strong>BEREITSCHAFT ZUR VER\u00c4NDERUNG<br><\/strong>Gemeinde Jesu soll nicht leben, als habe sie die Welt bereits verlassen. Wir sind \u00fcberzeugt, dass Gottes Wort relevant ist f\u00fcr ein Leben im Hier und Jetzt; &#8211; wir m\u00fcssen der Bibel keine Relevanz geben. Da sich jedoch die Welt, ihre Fragen, ihre Sprache und ihr Denken fortw\u00e4hrend ver\u00e4ndert, muss sich auch unsere Art, wie wir die immer gleiche Botschaft der Liebe Gottes kommunizieren, in der Weise ver\u00e4ndern, dass sie verstanden wird. Dabei m\u00f6chten wir den \u201eAnsto\u00df\u201c bzw. die \u201eHerausforderung\u201c, die in der Botschaft des Evangeliums selbst liegt, in keiner Weise schm\u00e4lern, sondern mutig herausstellen.<\/p>\r\n<\/div><\/div>\r\n<\/div>\r\n<\/div>\r\n","protected":false},"excerpt":{"rendered":"<p>Kernwerte Als Gemeinde haben wir ausgehend von Markus 3,13-15 und Matth\u00e4us 28,18-20 unser Miteinander, unseren Auftrag und unsere Strategie wie folgt formuliert: Wir wollen Menschen helfen, ein ganz auf Jesus Christus ausgerichtetes Leben zu f\u00fchren, indem wir sie ausr\u00fcsten und ermutigen Vertrautheit mit Gott zu suchen (Sammlung), ihr Umfeld segnend zu beeinflussen (Sendung), und echte Beziehung in einer Gemeinschaft zu leben (Aufbau). Neben diesem Kernauftrag stehen wir als Gemeinde unter anderem f\u00fcr folgende Werte: GOTT-ZENTRIERTWir sind zutiefst davon \u00fcberzeugt, dass [&hellip;]<\/p>\n","protected":false},"author":2,"featured_media":81819,"parent":0,"menu_order":0,"comment_status":"closed","ping_status":"closed","template":"","meta":{"ngg_post_thumbnail":0,"footnotes":""},"class_list":["post-4240","page","type-page","status-publish","has-post-thumbnail","hentry","ctfw-has-image"],"_links":{"self":[{"href":"https:\/\/www.kf-bruchsal.de\/index.php\/wp-json\/wp\/v2\/pages\/4240","targetHints":{"allow":["GET"]}}],"collection":[{"href":"https:\/\/www.kf-bruchsal.de\/index.php\/wp-json\/wp\/v2\/pages"}],"about":[{"href":"https:\/\/www.kf-bruchsal.de\/index.php\/wp-json\/wp\/v2\/types\/page"}],"author":[{"embeddable":true,"href":"https:\/\/www.kf-bruchsal.de\/index.php\/wp-json\/wp\/v2\/users\/2"}],"replies":[{"embeddable":true,"href":"https:\/\/www.kf-bruchsal.de\/index.php\/wp-json\/wp\/v2\/comments?post=4240"}],"version-history":[{"count":22,"href":"https:\/\/www.kf-bruchsal.de\/index.php\/wp-json\/wp\/v2\/pages\/4240\/revisions"}],"predecessor-version":[{"id":80462,"href":"https:\/\/www.kf-bruchsal.de\/index.php\/wp-json\/wp\/v2\/pages\/4240\/revisions\/80462"}],"wp:featuredmedia":[{"embeddable":true,"href":"https:\/\/www.kf-bruchsal.de\/index.php\/wp-json\/wp\/v2\/media\/81819"}],"wp:attachment":[{"href":"https:\/\/www.kf-bruchsal.de\/index.php\/wp-json\/wp\/v2\/media?parent=4240"}],"curies":[{"name":"wp","href":"https:\/\/api.w.org\/{rel}","templated":true}]}}

<div class="wp-block-columns eplus-SsX4pg is-layout-flex wp-container-core-columns-is-layout-9d6595d7 wp-block-columns-is-layout-flex">
<div class="wp-block-column eplus-aHdsm1 is-layout-flow wp-block-column-is-layout-flow" style="flex-basis: 100%;">
<div class="wp-block-group eplus-i52T82"><div class="wp-block-group__inner-container is-layout-flow wp-block-group-is-layout-flow">
<div class="wp-block-columns eplus-PVfpvV is-layout-flex wp-container-core-columns-is-layout-9d6595d7 wp-block-columns-is-layout-flex">
<div class="wp-block-column eplus-Qw1C1M is-layout-flow wp-block-column-is-layout-flow" style="flex-basis: 100%;">
<h3><b>Kernwerte<br></b></h3>



<p class="eplus-JnVJEN">Als Gemeinde haben wir ausgehend von Markus 3,13-15 und Matthäus 28,18-20 unser Miteinander, unseren Auftrag und unsere Strategie wie folgt formuliert: Wir wollen Menschen helfen, ein ganz auf Jesus Christus ausgerichtetes Leben zu führen, indem wir sie ausrüsten und ermutigen</p>
</div>
</div>



<ul class="eplus-4tvWtV wp-block-list">
<li>Vertrautheit mit Gott zu suchen (Sammlung),</li>
<li>ihr Umfeld segnend zu beeinflussen (Sendung),</li>
<li>und echte Beziehung in einer Gemeinschaft zu leben (Aufbau).</li>
</ul>



<p class="eplus-DGHIb2">Neben diesem Kernauftrag stehen wir als Gemeinde unter anderem für folgende Werte:</p>



<p class="eplus-kK04Qu"><strong>GOTT-ZENTRIERT<br></strong>Wir sind zutiefst davon überzeugt, dass es nicht in erster Linie um uns, sondern um Gott geht. Wir wollen uns nicht um uns selbst drehen, sondern uns auf Gott ausrichten und ihn ehren.</p>
<p class="eplus-kK04Qu"><strong>EVANGELIUMS-ZENTRIERT<br></strong>Das Evangelium erlaubt uns, als Christ aus der Gnade Gottes heraus zu leben und nicht angetrieben zu sein von einem frommen Leistungsdenken. Daher wollen wir in allem, was wir tun, auf Jesus Christus ausgerichtet sein. Gottes Gnade begegnet uns in Jesus, befreit uns und gestaltet uns um in sein Bild.</p>





<p class="eplus-BXgse9"><strong>BIBEL-ORIENTIERT<br></strong>Die Bibel ist der verbindliche Maßstab für unser Denken und Handeln. Zur Umsetzung biblischer Maßstäbe in unserem Leben kommt es nur durch einen kontinuierlichen Lern- und Veränderungsprozess. Dabei ist neben einer theologisch fundierten Lehre in der Gemeinde gerade das gemeinsame Nachdenken über biblische Wahrheiten von zentraler Bedeutung.</p>



<p class="eplus-9kAAgM"><strong>LIEBE ZUR STADT<br></strong>Als Kirche für Bruchsal wollen wir der Stadt dienen: „Bemüht euch um das Wohl der Stadt, in die ich euch weggeführt habe, und betet für sie zum Herrn.“ (Jeremia 29,7). Wir wollen als Bruchsaler auch gute Nachbarn sein und der Stadt dienen. Die Möglichkeiten dafür sind vielfältig. Als Gemeinde möchten wir:</p>



<ul class="eplus-dwTU1j wp-block-list">
<li>Lebensräume schaffen, in denen Kinder und Jugendliche sich wohl fühlen und entwickeln können</li>
<li>für die Stadt selbst und die Verantwortungsträger, die das Geschehen in der Stadt lenken, beten</li>
<li>die lebensverändernde Botschaft des Evangeliums liebevoll und für unsere Zeit verständlich weitersagen und Menschen in unsere Gottesdienste einladen.</li>
</ul>



<p class="eplus-8jNF9u"><strong>ANNAHME<br></strong>Wir wollen jedem Menschen offen und freundlich begegnen und ihn respektieren, gerade auch dann, wenn wir seine Ansichten und seinen Lebensstil nicht teilen oder gutheißen können. Wir wollen Gottes Liebe widerspiegeln, indem wir Menschen in innerlichen und äußerlichen Notsituationen eine Hilfe zum Leben bieten.<br><br><strong>EINHEIT IN VIELFALT (Epheser 4,1-16)<br></strong>Jeder in der KfB kommt aus einem anderen Hintergrund, mit seiner eigenen Biographie, seiner Art und seinem Charakter, jeder hat andere Fähigkeiten und theologische Prägungen. Zwischen all diesen unterschiedlichen Menschen hat Gott in der Gemeinde eine Einheit geschaffen und wir wollen all diese Unterschiede nutzen und sie nicht als Trennung sehen. Wir sollen uns bemühen die Einheit zu bewahren. Dazu gehört die gemeinsame Verantwortung in der Gemeinde, die „Einander“ der Bibel zu leben. Wir sollen:</p>



<ul class="eplus-xSTIpb wp-block-list">
<li>einander ermuntern (Hebräer 10,24-25)</li>
<li>füreinander beten (Jakobus 5,16)</li>
<li>einander lieben (Galater 5,13; Epheser 4,2; 1. Petrus 1,22)</li>
<li>einander lehren (Kolosser 3,16)</li>
<li>einander erbauen (Römer 14,19; 1. Thessalonicher 5,11)</li>
<li>einander ermahnen (Römer 15,14; Kolosser 3,16).</li>
</ul>



<p class="eplus-7g6c3g">Die vier V’s geben uns hierbei Orientierung:</p>



<ul class="eplus-XMw14b wp-block-list">
<li>Verbindlichkeit</li>
<li>Vertrauen</li>
<li>Verantwortung</li>
<li>Veränderung<br><br></li>
</ul>



<p class="eplus-9xAMZj"><strong>BEREITSCHAFT ZUR VERÄNDERUNG<br></strong>Gemeinde Jesu soll nicht leben, als habe sie die Welt bereits verlassen. Wir sind überzeugt, dass Gottes Wort relevant ist für ein Leben im Hier und Jetzt; &#8211; wir müssen der Bibel keine Relevanz geben. Da sich jedoch die Welt, ihre Fragen, ihre Sprache und ihr Denken fortwährend verändert, muss sich auch unsere Art, wie wir die immer gleiche Botschaft der Liebe Gottes kommunizieren, in der Weise verändern, dass sie verstanden wird. Dabei möchten wir den „Anstoß“ bzw. die „Herausforderung“, die in der Botschaft des Evangeliums selbst liegt, in keiner Weise schmälern, sondern mutig herausstellen.</p>
</div></div>
</div>
</div>

<p>Kernwerte Als Gemeinde haben wir ausgehend von Markus 3,13-15 und Matthäus 28,18-20 unser Miteinander, unseren Auftrag und unsere Strategie wie folgt formuliert: Wir wollen Menschen helfen, ein ganz auf Jesus Christus ausgerichtetes Leben zu führen, indem wir sie ausrüsten und ermutigen Vertrautheit mit Gott zu suchen (Sammlung), ihr Umfeld segnend zu beeinflussen (Sendung), und echte Beziehung in einer Gemeinschaft zu leben (Aufbau). Neben diesem Kernauftrag stehen wir als Gemeinde unter anderem für folgende Werte: GOTT-ZENTRIERTWir sind zutiefst davon überzeugt, dass [&hellip;]</p>
