{"id":4247,"date":"2018-09-26T11:45:23","date_gmt":"2018-09-26T10:45:23","guid":{"rendered":"http:\/\/www.kf-bruchsal.de\/?page_id=4247"},"modified":"2025-10-25T16:15:12","modified_gmt":"2025-10-25T15:15:12","slug":"hauskreise","status":"publish","type":"page","link":"https:\/\/www.kf-bruchsal.de\/index.php\/hauskreise\/","title":{"rendered":"Hauskreise"},"content":{"rendered":"<h5>Leben teilen &amp; Glauben leben<\/h5>\n<p>Was gibt deinem Leben Freude und Energie?<br \/>\nEin ausgedehnter Spaziergang? Gutes Essen? Ein regelm\u00e4\u00dfiger Austausch mit Menschen in \u00e4hnlichen Situationen oder tiefe Diskussionen \u00fcber ein bestimmtes Thema? Gespr\u00e4che \u00fcber Gott und die Welt und das Wissen, dass du nicht allein bist mit deinen Fragen?<br \/>\nGemeinde ist mehr, als sonntags eine Zeitlang im gleichen Raum zu sitzen und eine Predigt anzuh\u00f6ren. Gemeinde ist Beziehung zueinander durch &#8211; und in Jesus Christus. Gemeinde hei\u00dft, miteinander von der Gnade Gottes zu leben, in allen Lebenslagen zusammenzustehen und gemeinsam anderen Menschen zu dienen.<br \/>\nDie KfB trifft sich daher regelm\u00e4\u00dfig in kleinen Gruppen in Bruchsal und Umgebung. In diesen Hauskreisen m\u00f6chten wir geistliche Freundschaft leben. Wir denken gemeinsam noch einmal \u00fcber die Predigt des vorigen Sonntags nach, besprechen offene Fragen, reden \u00fcber das, was uns bewegt, beten zusammen und richten so unser Leben auf Jesus Christus aus.<br \/>\nWenn du solch eine Gemeinschaft suchst, bist du herzlich willkommen. Wir helfen dir, die passende Gruppe zu finden.<\/p>\n<p>Du hast eine Frage? Mail an: <a href=\"mailto:office@kf-bruchsal.de\">office@kf-bruchsal.de<\/a><\/p>\n<p>&nbsp;<\/p>\n","protected":false},"excerpt":{"rendered":"<p>Leben teilen &amp; Glauben leben Was gibt deinem Leben Freude und Energie? Ein ausgedehnter Spaziergang? Gutes Essen? Ein regelm\u00e4\u00dfiger Austausch mit Menschen in \u00e4hnlichen Situationen oder tiefe Diskussionen \u00fcber ein bestimmtes Thema? Gespr\u00e4che \u00fcber Gott und die Welt und das Wissen, dass du nicht allein bist mit deinen Fragen? Gemeinde ist mehr, als sonntags eine Zeitlang im gleichen Raum zu sitzen und eine Predigt anzuh\u00f6ren. Gemeinde ist Beziehung zueinander durch &#8211; und in Jesus Christus. Gemeinde hei\u00dft, miteinander von der [&hellip;]<\/p>\n","protected":false},"author":2,"featured_media":81592,"parent":0,"menu_order":0,"comment_status":"closed","ping_status":"closed","template":"","meta":{"ngg_post_thumbnail":0,"footnotes":""},"class_list":["post-4247","page","type-page","status-publish","has-post-thumbnail","hentry","ctfw-has-image"],"_links":{"self":[{"href":"https:\/\/www.kf-bruchsal.de\/index.php\/wp-json\/wp\/v2\/pages\/4247","targetHints":{"allow":["GET"]}}],"collection":[{"href":"https:\/\/www.kf-bruchsal.de\/index.php\/wp-json\/wp\/v2\/pages"}],"about":[{"href":"https:\/\/www.kf-bruchsal.de\/index.php\/wp-json\/wp\/v2\/types\/page"}],"author":[{"embeddable":true,"href":"https:\/\/www.kf-bruchsal.de\/index.php\/wp-json\/wp\/v2\/users\/2"}],"replies":[{"embeddable":true,"href":"https:\/\/www.kf-bruchsal.de\/index.php\/wp-json\/wp\/v2\/comments?post=4247"}],"version-history":[{"count":25,"href":"https:\/\/www.kf-bruchsal.de\/index.php\/wp-json\/wp\/v2\/pages\/4247\/revisions"}],"predecessor-version":[{"id":85039,"href":"https:\/\/www.kf-bruchsal.de\/index.php\/wp-json\/wp\/v2\/pages\/4247\/revisions\/85039"}],"wp:featuredmedia":[{"embeddable":true,"href":"https:\/\/www.kf-bruchsal.de\/index.php\/wp-json\/wp\/v2\/media\/81592"}],"wp:attachment":[{"href":"https:\/\/www.kf-bruchsal.de\/index.php\/wp-json\/wp\/v2\/media?parent=4247"}],"curies":[{"name":"wp","href":"https:\/\/api.w.org\/{rel}","templated":true}]}}