{"id":6999,"date":"2020-11-13T17:05:35","date_gmt":"2020-11-13T16:05:35","guid":{"rendered":"https:\/\/www.kf-bruchsal.de\/?page_id=6999"},"modified":"2025-07-31T15:12:11","modified_gmt":"2025-07-31T14:12:11","slug":"bildungsspender","status":"publish","type":"page","link":"https:\/\/www.kf-bruchsal.de\/index.php\/bildungsspender\/","title":{"rendered":"Bildungsspender"},"content":{"rendered":"\r\n<p>Der Bildungsspender ist eine Charity-Kauf-Plattform in Deutschland, die es dir erm\u00f6glicht, bei jedem Online-Einkauf eine Spende f\u00fcr eine registrierte gemeinn\u00fctzige Organisation deiner Wahl zu generieren. Das Prinzip: Ohne Mehrkosten beim Shoppen, Vertragsabschl\u00fcssen und Reisebuchungen helfen. Einfach wie gewohnt einkaufen und die Einrichtung ausw\u00e4hlen, die du finanziell durch deinen Einkauf unterst\u00fctzen m\u00f6chtest.<\/p>\r\n\r\n\r\n\r\n<p class=\"has-text-align-center\" style=\"text-align: center;\">Den Bildungsspender erreichst du <a href=\"https:\/\/www.bildungsspender.de\/kf-bruchsal\/spendenprojekt\">hier<\/a>:<\/p>\r\n\r\n\r\n\r\n<div class=\"wp-block-image\">\r\n<p class=\"aligncenter size-large\" data-wp-editing=\"1\"><a href=\"https:\/\/www.bildungsspender.de\/kf-bruchsal\/spendenprojekt\"><img loading=\"lazy\" decoding=\"async\" class=\"wp-image-81571 size-full aligncenter\" src=\"https:\/\/www.kf-bruchsal.de\/wp-content\/uploads\/2023\/11\/bildungsspender_kirche_150_200-150x150-1.gif\" alt=\"\" width=\"150\" height=\"150\" srcset=\"https:\/\/www.kf-bruchsal.de\/wp-content\/uploads\/2023\/11\/bildungsspender_kirche_150_200-150x150-1.gif 150w, https:\/\/www.kf-bruchsal.de\/wp-content\/uploads\/2023\/11\/bildungsspender_kirche_150_200-150x150-1-240x240.gif 240w\" sizes=\"auto, (max-width: 150px) 100vw, 150px\" \/><\/a><br><br>Weiterhin kannst du uns auch gerne unkompliziert \u00fcber den Bildungsspender mit einer Direktspende finanziell unterst\u00fctzen. Die Spendenbescheinigungen werden jeweils zu Beginn des Folgejahres erstellt.<\/p>\r\n<\/div>\r\n\r\n\r\n\r\n\r\n\r\n<p class=\"has-text-align-center\" style=\"text-align: center;\"><a href=\"https:\/\/www.bildungsspender.de\/donation.php?org_id=576646001\">Hier<\/a> geht&#8217;s zum Spendenformular:&nbsp; <a href=\"https:\/\/www.bildungsspender.de\/donation.php?org_id=576646001\"><img loading=\"lazy\" decoding=\"async\" class=\"aligncenter wp-image-81572 size-full\" src=\"https:\/\/www.kf-bruchsal.de\/wp-content\/uploads\/2023\/11\/spenden_zahlungsmittel_bildungsspender.png\" alt=\"\" width=\"126\" height=\"82\"><\/a><\/p>\r\n\r\n\r\n","protected":false},"excerpt":{"rendered":"<p>Der Bildungsspender ist eine Charity-Kauf-Plattform in Deutschland, die es dir erm\u00f6glicht, bei jedem Online-Einkauf eine Spende f\u00fcr eine registrierte gemeinn\u00fctzige Organisation deiner Wahl zu generieren. Das Prinzip: Ohne Mehrkosten beim Shoppen, Vertragsabschl\u00fcssen und Reisebuchungen helfen. Einfach wie gewohnt einkaufen und die Einrichtung ausw\u00e4hlen, die du finanziell durch deinen Einkauf unterst\u00fctzen m\u00f6chtest. Den Bildungsspender erreichst du hier: Hier geht&#8217;s zum Spendenformular:&nbsp;<\/p>\n","protected":false},"author":2,"featured_media":82080,"parent":0,"menu_order":0,"comment_status":"closed","ping_status":"closed","template":"","meta":{"ngg_post_thumbnail":0,"footnotes":""},"class_list":["post-6999","page","type-page","status-publish","has-post-thumbnail","hentry","ctfw-has-image"],"_links":{"self":[{"href":"https:\/\/www.kf-bruchsal.de\/index.php\/wp-json\/wp\/v2\/pages\/6999","targetHints":{"allow":["GET"]}}],"collection":[{"href":"https:\/\/www.kf-bruchsal.de\/index.php\/wp-json\/wp\/v2\/pages"}],"about":[{"href":"https:\/\/www.kf-bruchsal.de\/index.php\/wp-json\/wp\/v2\/types\/page"}],"author":[{"embeddable":true,"href":"https:\/\/www.kf-bruchsal.de\/index.php\/wp-json\/wp\/v2\/users\/2"}],"replies":[{"embeddable":true,"href":"https:\/\/www.kf-bruchsal.de\/index.php\/wp-json\/wp\/v2\/comments?post=6999"}],"version-history":[{"count":21,"href":"https:\/\/www.kf-bruchsal.de\/index.php\/wp-json\/wp\/v2\/pages\/6999\/revisions"}],"predecessor-version":[{"id":84880,"href":"https:\/\/www.kf-bruchsal.de\/index.php\/wp-json\/wp\/v2\/pages\/6999\/revisions\/84880"}],"wp:featuredmedia":[{"embeddable":true,"href":"https:\/\/www.kf-bruchsal.de\/index.php\/wp-json\/wp\/v2\/media\/82080"}],"wp:attachment":[{"href":"https:\/\/www.kf-bruchsal.de\/index.php\/wp-json\/wp\/v2\/media?parent=6999"}],"curies":[{"name":"wp","href":"https:\/\/api.w.org\/{rel}","templated":true}]}}