{"id":7047,"date":"2020-12-07T21:32:11","date_gmt":"2020-12-07T20:32:11","guid":{"rendered":"https:\/\/www.kf-bruchsal.de\/?page_id=7047"},"modified":"2024-10-03T13:13:44","modified_gmt":"2024-10-03T12:13:44","slug":"unterpunkt-liebe-und-reis-fuer-gambia","status":"publish","type":"page","link":"https:\/\/www.kf-bruchsal.de\/index.php\/unterpunkt-liebe-und-reis-fuer-gambia\/","title":{"rendered":"Liebe und Reis f\u00fcr Gambia"},"content":{"rendered":"\r\n<p>\u201eLiebe und Reis f\u00fcr Gambia\u201c ist ein Projekt, das Menschen in Westafrika neue Hoffnung und die Liebe von Jesus Christus bringen soll. Ein Afrikaner sagte einmal: \u201eWir brauchen euer Brot, um leben zu k\u00f6nnen, aber wir brauchen Gottes Wort, um leben zu wollen.\u201c So ist es uns wichtig, den Menschen das Wort und die Liebe Gottes weiterzusagen, gleichzeitig aber auch ein offenes Ohr zu haben f\u00fcr ihre Sorgen und N\u00f6te. Hier kannst du den aktuellen Film \u00fcber das Projekt und die T\u00e4tigkeit der Mitarbeiter vor Ort anschauen:<\/p>\r\n\r\n<p><iframe loading=\"lazy\" title=\"YouTube video player\" src=\"https:\/\/www.youtube.com\/embed\/zgNsSgguUlQ?si=v0_4ntSE_PUtyvLD\" width=\"560\" height=\"315\" frameborder=\"0\" allowfullscreen=\"allowfullscreen\"><\/iframe><\/p>\r\n<p>Gambia ist das kleinste Land Afrikas und hat nur knapp zwei Millionen Einwohner. 95% der Bev\u00f6lkerung sind Muslime. Nur 2% der Bev\u00f6lkerung sind Christen. Viele, die zum Christentum konvertieren, erleiden Nachteile.&nbsp; Der Verein \u201eLiebe und Reis f\u00fcr Gambia e.V.\u201c bem\u00fcht sich besonders um Jugendliche, die in der Regel ohne Arbeit und Ausbildung sind und denen es an Lebensmitte und Perspektiven fehlt.&nbsp;<\/p>\r\n<!-- \/wp:post-content -->\r\n\r\n<!-- wp:paragraph -->\r\n<p>Mit Spenden werden Arzt- und Zahnarztbesuche, sowie Schulbesuche f\u00fcr Kinder finanziert, Ausbildungspl\u00e4tze f\u00fcr heranwachsende Jugendliche organisiert und bed\u00fcrftige Familien und Kinder werden mit Reis versorgt. Ebenso ist es dank Spenden m\u00f6glich per Schiff Kleidung, Betten und Matratzen, Fahrr\u00e4der, Motorr\u00e4der, Arbeitsger\u00e4te wie bspw. N\u00e4hmaschinen, medizinische Ger\u00e4te, Handys, Computer, Reifen und vieles mehr nach Gambia zu liefern.&nbsp;<\/p>\r\n<!-- \/wp:paragraph -->\r\n\r\n<!-- wp:paragraph -->\r\n<p>Wir freuen uns sehr, wenn auch du unsere Arbeit im Gebet oder mit einer finanziellen Spende unterst\u00fctzen m\u00f6chtest. Hier geht\u2019s zum Spendenformular:&nbsp;&nbsp;<\/p>\r\n<!-- \/wp:paragraph -->\r\n\r\n<!-- wp:paragraph -->\r\n<p><a href=\"https:\/\/liebeundreis.de\/spenden\/\">https:\/\/www.liebeundreis.de\/spenden\/<\/a><\/p>\r\n<!-- \/wp:paragraph -->\r\n\r\n<!-- wp:paragraph -->\r\n<p>Wenn du eine Spendenbescheinigung haben m\u00f6chtest, gib bitte beim \u00dcberweisungsvorgang deine Kontaktdaten an. Die Spendenbescheinigungen werden jeweils zu Beginn des Folgejahres durch den Verein Liebe und Reis f\u00fcr Gambia e.V. erstellt.&nbsp;<\/p>\r\n<p><br>Du hast eine Frage? Mail an: <a href=\"mailto:office@kf-bruchsal.de\">office@kf-bruchsal.de<\/a><\/p>\r\n<!-- \/wp:paragraph -->\r\n\r\n<!-- wp:paragraph -->\r\n<p>&nbsp;<\/p>\r\n<!-- \/wp:paragraph -->","protected":false},"excerpt":{"rendered":"<p>\u201eLiebe und Reis f\u00fcr Gambia\u201c ist ein Projekt, das Menschen in Westafrika neue Hoffnung und die Liebe von Jesus Christus bringen soll. Ein Afrikaner sagte einmal: \u201eWir brauchen euer Brot, um leben zu k\u00f6nnen, aber wir brauchen Gottes Wort, um leben zu wollen.\u201c So ist es uns wichtig, den Menschen das Wort und die Liebe Gottes weiterzusagen, gleichzeitig aber auch ein offenes Ohr zu haben f\u00fcr ihre Sorgen und N\u00f6te. Hier kannst du den aktuellen Film \u00fcber das Projekt und [&hellip;]<\/p>\n","protected":false},"author":2,"featured_media":81593,"parent":0,"menu_order":0,"comment_status":"closed","ping_status":"closed","template":"","meta":{"ngg_post_thumbnail":0,"footnotes":""},"class_list":["post-7047","page","type-page","status-publish","has-post-thumbnail","hentry","ctfw-has-image"],"_links":{"self":[{"href":"https:\/\/www.kf-bruchsal.de\/index.php\/wp-json\/wp\/v2\/pages\/7047","targetHints":{"allow":["GET"]}}],"collection":[{"href":"https:\/\/www.kf-bruchsal.de\/index.php\/wp-json\/wp\/v2\/pages"}],"about":[{"href":"https:\/\/www.kf-bruchsal.de\/index.php\/wp-json\/wp\/v2\/types\/page"}],"author":[{"embeddable":true,"href":"https:\/\/www.kf-bruchsal.de\/index.php\/wp-json\/wp\/v2\/users\/2"}],"replies":[{"embeddable":true,"href":"https:\/\/www.kf-bruchsal.de\/index.php\/wp-json\/wp\/v2\/comments?post=7047"}],"version-history":[{"count":23,"href":"https:\/\/www.kf-bruchsal.de\/index.php\/wp-json\/wp\/v2\/pages\/7047\/revisions"}],"predecessor-version":[{"id":83404,"href":"https:\/\/www.kf-bruchsal.de\/index.php\/wp-json\/wp\/v2\/pages\/7047\/revisions\/83404"}],"wp:featuredmedia":[{"embeddable":true,"href":"https:\/\/www.kf-bruchsal.de\/index.php\/wp-json\/wp\/v2\/media\/81593"}],"wp:attachment":[{"href":"https:\/\/www.kf-bruchsal.de\/index.php\/wp-json\/wp\/v2\/media?parent=7047"}],"curies":[{"name":"wp","href":"https:\/\/api.w.org\/{rel}","templated":true}]}}