{"id":80324,"date":"2022-11-10T20:23:45","date_gmt":"2022-11-10T19:23:45","guid":{"rendered":"https:\/\/www.kf-bruchsal.de\/?page_id=80324"},"modified":"2025-11-23T22:57:55","modified_gmt":"2025-11-23T21:57:55","slug":"unsere-veranstaltungen","status":"publish","type":"page","link":"https:\/\/www.kf-bruchsal.de\/index.php\/unsere-veranstaltungen\/","title":{"rendered":"Unsere Veranstaltungen"},"content":{"rendered":"<blockquote><p><em>Sie alle widmeten sich eifrig dem, was f\u00fcr sie als Gemeinde wichtig war: Sie lie\u00dfen sich von den Aposteln unterweisen, sie hielten in gegenseitiger Liebe zusammen, sie feierten das Mahl des Herrn, und sie beteten gemeinsam.<br \/>\n<\/em><em>(Apostelgeschichte 2,42)<\/em><\/p><\/blockquote>\n<p>1. KIRCHE IST F\u00dcR GOTT DA<\/p>\n<p>Durch die ganze Bibel hindurch ist es Gottes Art gewesen, Menschen um sich zu versammeln. Im Neuen Testament war es \u201edie Gemeinde\u201c, die sich regelm\u00e4\u00dfig getroffen hat, um sich vor Gott zu <em>versammeln<\/em>. Wir sind als KfB eine dieser Gemeinden, die sich \u00fcber 2000 Jahre sp\u00e4ter nun in Bruchsal trifft, um Gottes Wort zu h\u00f6ren und gemeinsam dar\u00fcber nachzudenken. Wie auch die ersten Christen in Apostelgeschichte 2 erleben wir dabei wertvolle Gemeinschaft untereinander und freuen uns auf die Zeiten in unseren Gottesdiensten.<\/p>\n<p>Wir sind sehr offen und freuen uns immer, wenn andere \u2013 wie wir selbst auch \u2013 Fragen zu Gott und zum Leben haben und einfach dazukommen. Daher sind wir auch\u2026<\/p>\n<p>2. KIRCHE F\u00dcR ANDERE<\/p>\n<p>Es ist nicht immer leicht, einen ersten Besuch in einer christlichen Gemeinde oder Kirche zu wagen. Was erwartet mich? Was f\u00fcr Menschen werde ich dort treffen? Ist es okay, wenn ich andere Ansichten oder Wertvorstellungen habe als die Leute dort? Weil wir uns dieser H\u00fcrden bewusst sind, wollen wir eine gastfreundliche Kirche sein. Es ist uns ein gro\u00dfes Anliegen, nicht nur \u201eKirche f\u00fcr uns\u201c sondern auch \u201eKirche f\u00fcr Andere\u201c zu sein. Dazu geh\u00f6rt das Bem\u00fchen, unsere Gottesdienste so auszurichten, dass auch Menschen sich willkommen f\u00fchlen, die ohne festen Bezug zu einer Kirche und dem christlichen Glauben leben.<\/p>\n<p>3. VERST\u00c4NDLICH UND LEBENSNAH<\/p>\n<p>In den Gottesdiensten ist Raum, um Gott zu suchen und ihm zu begegnen im Kontext der Fragen, Zweifel und Erfahrungen, die uns in unserem ganz normalen Leben bewegen. Den grunds\u00e4tzlichen Rahmen daf\u00fcr bieten die klassischen Elemente eines Gottesdienstes: Lieder, biblische Texte, Predigt, Gebet, Abendmahl und Segen. Auch wer bisher selten oder vielleicht noch nie einen Gottesdienst besucht hat, soll verstehen, was passiert. Besonders wichtig ist uns dabei, auf verst\u00e4ndliche Weise deutlich zu machen, was das Evangelium (die gute Nachricht) von Jesus Christus mit unserem Alltag, d.h. unseren tiefsten Sehns\u00fcchten und unserer menschlichen Existenz, zu tun hat. Die Predigt ist meist Teil einer Serie mit einem bestimmten Schwerpunkt, aber auch einzeln f\u00fcr sich verst\u00e4ndlich.<\/p>\n<p>4. SKEPTIKER WILLKOMMEN<\/p>\n<p>Wenn du dem christlichen Glauben skeptisch gegen\u00fcberstehst, deine religi\u00f6sen \u00dcberzeugungen nicht mit unseren \u00fcbereinstimmen und egal, welche Pr\u00e4gung, Weltanschauung oder Ansichten du hast &#8211; wir freuen uns \u00fcber deinen Besuch in unseren Gottesdiensten.<\/p>\n<p>5. GOTTESDIENST F\u00dcR KINDER<\/p>\n<p>Auch Kinder sind bei uns herzlich willkommen.Auf spielerische und kindgerechte Art werden biblische Geschichten erz\u00e4hlt und christliche Werte vermittelt.<\/p>\n<p>Kinder ab 2 Jahren feiern in einem separaten Raum ihren eigenen Gottesdienst. F\u00fcr M\u00fctter und V\u00e4ter mit Kleinkindern steht auch ein Eltern-Kind-Raum mit Audio\u00fcbertragung des Gottesdienstes zur Verf\u00fcgung.<\/p>\n<p>6. PREDIGT-DOWNLOAD<\/p>\n<p>Jeder ist herzlich zu unseren Gottesdiensten eingeladen. Wenn du mal verhindert bist, kannst du alle unsere Predigten auch <a href=\"https:\/\/www.kf-bruchsal.de\/index.php\/predigten\/\">hier<\/a> anh\u00f6ren und herunterladen.<\/p>\n","protected":false},"excerpt":{"rendered":"<p>Sie alle widmeten sich eifrig dem, was f\u00fcr sie als Gemeinde wichtig war: Sie lie\u00dfen sich von den Aposteln unterweisen, sie hielten in gegenseitiger Liebe zusammen, sie feierten das Mahl des Herrn, und sie beteten gemeinsam. (Apostelgeschichte 2,42) 1. KIRCHE IST F\u00dcR GOTT DA Durch die ganze Bibel hindurch ist es Gottes Art gewesen, Menschen um sich zu versammeln. Im Neuen Testament war es \u201edie Gemeinde\u201c, die sich regelm\u00e4\u00dfig getroffen hat, um sich vor Gott zu versammeln. Wir sind als [&hellip;]<\/p>\n","protected":false},"author":24784,"featured_media":84670,"parent":0,"menu_order":0,"comment_status":"closed","ping_status":"closed","template":"","meta":{"ngg_post_thumbnail":0,"footnotes":""},"class_list":["post-80324","page","type-page","status-publish","has-post-thumbnail","hentry","ctfw-has-image"],"_links":{"self":[{"href":"https:\/\/www.kf-bruchsal.de\/index.php\/wp-json\/wp\/v2\/pages\/80324","targetHints":{"allow":["GET"]}}],"collection":[{"href":"https:\/\/www.kf-bruchsal.de\/index.php\/wp-json\/wp\/v2\/pages"}],"about":[{"href":"https:\/\/www.kf-bruchsal.de\/index.php\/wp-json\/wp\/v2\/types\/page"}],"author":[{"embeddable":true,"href":"https:\/\/www.kf-bruchsal.de\/index.php\/wp-json\/wp\/v2\/users\/24784"}],"replies":[{"embeddable":true,"href":"https:\/\/www.kf-bruchsal.de\/index.php\/wp-json\/wp\/v2\/comments?post=80324"}],"version-history":[{"count":4,"href":"https:\/\/www.kf-bruchsal.de\/index.php\/wp-json\/wp\/v2\/pages\/80324\/revisions"}],"predecessor-version":[{"id":85199,"href":"https:\/\/www.kf-bruchsal.de\/index.php\/wp-json\/wp\/v2\/pages\/80324\/revisions\/85199"}],"wp:featuredmedia":[{"embeddable":true,"href":"https:\/\/www.kf-bruchsal.de\/index.php\/wp-json\/wp\/v2\/media\/84670"}],"wp:attachment":[{"href":"https:\/\/www.kf-bruchsal.de\/index.php\/wp-json\/wp\/v2\/media?parent=80324"}],"curies":[{"name":"wp","href":"https:\/\/api.w.org\/{rel}","templated":true}]}}