{"id":80340,"date":"2022-11-10T20:39:47","date_gmt":"2022-11-10T19:39:47","guid":{"rendered":"https:\/\/www.kf-bruchsal.de\/?page_id=80340"},"modified":"2025-07-31T14:29:52","modified_gmt":"2025-07-31T13:29:52","slug":"galerie","status":"publish","type":"page","link":"https:\/\/www.kf-bruchsal.de\/index.php\/galerie\/","title":{"rendered":""},"content":{"rendered":"<h1 style=\"text-align: center;\">KfB &#8211; Geschichte<\/h1>\n<h2 style=\"text-align: center;\">2010 &#8211; Dezember 2015 Industriestra\u00dfe 46<\/h2>\nngg_shortcode_0_placeholder\n<h2 style=\"text-align: center;\">Januar 2015 &#8211; Juni 2025 Eisenbahnstra\u00dfe 6<\/h2>\nngg_shortcode_1_placeholder\n<h2 style=\"text-align: center;\">Ab Juli 2025 Talstra\u00dfe 6<\/h2>\nngg_shortcode_2_placeholder\n","protected":false},"excerpt":{"rendered":"<p>KfB &#8211; Geschichte 2010 &#8211; Dezember 2015 Industriestra\u00dfe 46 Januar 2015 &#8211; Juni 2025 Eisenbahnstra\u00dfe 6 Ab Juli 2025 Talstra\u00dfe 6<\/p>\n","protected":false},"author":24784,"featured_media":84834,"parent":0,"menu_order":0,"comment_status":"closed","ping_status":"closed","template":"","meta":{"ngg_post_thumbnail":0,"footnotes":""},"class_list":["post-80340","page","type-page","status-publish","has-post-thumbnail","hentry","ctfw-has-image"],"_links":{"self":[{"href":"https:\/\/www.kf-bruchsal.de\/index.php\/wp-json\/wp\/v2\/pages\/80340","targetHints":{"allow":["GET"]}}],"collection":[{"href":"https:\/\/www.kf-bruchsal.de\/index.php\/wp-json\/wp\/v2\/pages"}],"about":[{"href":"https:\/\/www.kf-bruchsal.de\/index.php\/wp-json\/wp\/v2\/types\/page"}],"author":[{"embeddable":true,"href":"https:\/\/www.kf-bruchsal.de\/index.php\/wp-json\/wp\/v2\/users\/24784"}],"replies":[{"embeddable":true,"href":"https:\/\/www.kf-bruchsal.de\/index.php\/wp-json\/wp\/v2\/comments?post=80340"}],"version-history":[{"count":30,"href":"https:\/\/www.kf-bruchsal.de\/index.php\/wp-json\/wp\/v2\/pages\/80340\/revisions"}],"predecessor-version":[{"id":84867,"href":"https:\/\/www.kf-bruchsal.de\/index.php\/wp-json\/wp\/v2\/pages\/80340\/revisions\/84867"}],"wp:featuredmedia":[{"embeddable":true,"href":"https:\/\/www.kf-bruchsal.de\/index.php\/wp-json\/wp\/v2\/media\/84834"}],"wp:attachment":[{"href":"https:\/\/www.kf-bruchsal.de\/index.php\/wp-json\/wp\/v2\/media?parent=80340"}],"curies":[{"name":"wp","href":"https:\/\/api.w.org\/{rel}","templated":true}]}}

<h1 style="text-align: center;">KfB &#8211; Geschichte</h1>
<h2 style="text-align: center;">2010 &#8211; Dezember 2015 Industriestraße 46</h2>
ngg_shortcode_0_placeholder
<h2 style="text-align: center;">Januar 2015 &#8211; Juni 2025 Eisenbahnstraße 6</h2>
ngg_shortcode_1_placeholder
<h2 style="text-align: center;">Ab Juli 2025 Talstraße 6</h2>
ngg_shortcode_2_placeholder

<p>KfB &#8211; Geschichte 2010 &#8211; Dezember 2015 Industriestraße 46 Januar 2015 &#8211; Juni 2025 Eisenbahnstraße 6 Ab Juli 2025 Talstraße 6</p>
