{"id":83260,"date":"2024-09-10T18:02:31","date_gmt":"2024-09-10T17:02:31","guid":{"rendered":"https:\/\/www.kf-bruchsal.de\/?page_id=83260"},"modified":"2025-11-16T18:45:09","modified_gmt":"2025-11-16T17:45:09","slug":"frauenzeit","status":"publish","type":"page","link":"https:\/\/www.kf-bruchsal.de\/index.php\/frauenzeit\/","title":{"rendered":""},"content":{"rendered":"<div dir=\"ltr\">\n<h3>\ud83c\udf38 Herzliche Einladung zu unserer <strong>Frauenzeit <\/strong>\ud83c\udf38<\/h3>\n<p>Wir laden dich herzlich zu unserer <strong>Frauenzeit<\/strong> ein \u2013 einen besonderen Abend nur f\u00fcr Frauen!<br \/>\nIn entspannter Atmosph\u00e4re wollen wir gemeinsam den Alltag hinter uns lassen, gute Gespr\u00e4che f\u00fchren, neue Freundschaften kn\u00fcpfen und im Glauben gest\u00e4rkt werden.<\/p>\n<p>Dich erwartet:<br \/>\n\ud83c\udf7d\ufe0f&nbsp; Ein <strong>buntes Mitbring-Buffet<\/strong>, zu dem jede etwas Leckeres beitragen darf&nbsp;&nbsp;<br \/>\n\ud83d\udcac Wertvolle Impulse f\u00fcr Herz und Seele<br \/>\n\ud83e\udd0d Zeit f\u00fcr Begegnung, Austausch und Ermutigung<\/p>\n<p><strong>Wann?<\/strong> Jeden <strong>3. Freitag <\/strong>in den <strong>ungeraden Monaten<\/strong> (Januar, M\u00e4rz, Mai, \u2026)<br \/>\n<strong>Wo?<\/strong> In der&nbsp;<strong>Talstra\u00dfe 6, Bruchsal<\/strong><br \/>\n<strong>Beginn:<\/strong> 18:30 Uhr<\/p>\n<p>Ob jung oder alt \u2013 <strong>jede Frau ist herzlich willkommen!<\/strong><br \/>\nWir freuen uns darauf, mit dir einen besonderen Abend bei unserer <strong>Frauenzeit<\/strong> zu erleben! \ud83c\udf37<\/p>\n<\/div>\n<p style=\"text-align: left;\"><img loading=\"lazy\" decoding=\"async\" class=\"alignnone wp-image-81602 size-thumbnail\" src=\"https:\/\/www.kf-bruchsal.de\/wp-content\/uploads\/2023\/11\/5D4_9231-150x150.jpg\" alt=\"\" width=\"150\" height=\"150\" srcset=\"https:\/\/www.kf-bruchsal.de\/wp-content\/uploads\/2023\/11\/5D4_9231-150x150.jpg 150w, https:\/\/www.kf-bruchsal.de\/wp-content\/uploads\/2023\/11\/5D4_9231-300x300.jpg 300w, https:\/\/www.kf-bruchsal.de\/wp-content\/uploads\/2023\/11\/5D4_9231-1024x1024.jpg 1024w, https:\/\/www.kf-bruchsal.de\/wp-content\/uploads\/2023\/11\/5D4_9231-768x768.jpg 768w, https:\/\/www.kf-bruchsal.de\/wp-content\/uploads\/2023\/11\/5D4_9231-1536x1536.jpg 1536w, https:\/\/www.kf-bruchsal.de\/wp-content\/uploads\/2023\/11\/5D4_9231-2048x2048.jpg 2048w, https:\/\/www.kf-bruchsal.de\/wp-content\/uploads\/2023\/11\/5D4_9231-240x240.jpg 240w\" sizes=\"auto, (max-width: 150px) 100vw, 150px\" \/><br \/>\nHast du Fragen oder m\u00f6chtest dich anmelden? Dann schreib eine Mail an: <a href=\"mailto:office@kf-bruchsal.de\">office@kf-bruchsal.de<\/a><\/p>\n","protected":false},"excerpt":{"rendered":"<p>\ud83c\udf38 Herzliche Einladung zu unserer Frauenzeit \ud83c\udf38 Wir laden dich herzlich zu unserer Frauenzeit ein \u2013 einen besonderen Abend nur f\u00fcr Frauen! In entspannter Atmosph\u00e4re wollen wir gemeinsam den Alltag hinter uns lassen, gute Gespr\u00e4che f\u00fchren, neue Freundschaften kn\u00fcpfen und im Glauben gest\u00e4rkt werden. Dich erwartet: \ud83c\udf7d\ufe0f&nbsp; Ein buntes Mitbring-Buffet, zu dem jede etwas Leckeres beitragen darf&nbsp;&nbsp; \ud83d\udcac Wertvolle Impulse f\u00fcr Herz und Seele \ud83e\udd0d Zeit f\u00fcr Begegnung, Austausch und Ermutigung Wann? Jeden 3. Freitag in den ungeraden Monaten (Januar, [&hellip;]<\/p>\n","protected":false},"author":24784,"featured_media":85146,"parent":0,"menu_order":0,"comment_status":"closed","ping_status":"closed","template":"","meta":{"ngg_post_thumbnail":0,"footnotes":""},"class_list":["post-83260","page","type-page","status-publish","has-post-thumbnail","hentry","ctfw-has-image"],"_links":{"self":[{"href":"https:\/\/www.kf-bruchsal.de\/index.php\/wp-json\/wp\/v2\/pages\/83260","targetHints":{"allow":["GET"]}}],"collection":[{"href":"https:\/\/www.kf-bruchsal.de\/index.php\/wp-json\/wp\/v2\/pages"}],"about":[{"href":"https:\/\/www.kf-bruchsal.de\/index.php\/wp-json\/wp\/v2\/types\/page"}],"author":[{"embeddable":true,"href":"https:\/\/www.kf-bruchsal.de\/index.php\/wp-json\/wp\/v2\/users\/24784"}],"replies":[{"embeddable":true,"href":"https:\/\/www.kf-bruchsal.de\/index.php\/wp-json\/wp\/v2\/comments?post=83260"}],"version-history":[{"count":17,"href":"https:\/\/www.kf-bruchsal.de\/index.php\/wp-json\/wp\/v2\/pages\/83260\/revisions"}],"predecessor-version":[{"id":85147,"href":"https:\/\/www.kf-bruchsal.de\/index.php\/wp-json\/wp\/v2\/pages\/83260\/revisions\/85147"}],"wp:featuredmedia":[{"embeddable":true,"href":"https:\/\/www.kf-bruchsal.de\/index.php\/wp-json\/wp\/v2\/media\/85146"}],"wp:attachment":[{"href":"https:\/\/www.kf-bruchsal.de\/index.php\/wp-json\/wp\/v2\/media?parent=83260"}],"curies":[{"name":"wp","href":"https:\/\/api.w.org\/{rel}","templated":true}]}}