{"id":83542,"date":"2024-11-04T17:14:42","date_gmt":"2024-11-04T16:14:42","guid":{"rendered":"https:\/\/www.kf-bruchsal.de\/?page_id=83542"},"modified":"2026-04-03T15:29:37","modified_gmt":"2026-04-03T14:29:37","slug":"naechste-termine","status":"publish","type":"page","link":"https:\/\/www.kf-bruchsal.de\/index.php\/naechste-termine\/","title":{"rendered":"N\u00e4chste Termine"},"content":{"rendered":"<p style=\"text-align: center;\">Hier findest du Bekanntmachungen und Termine zu Veranstaltungen, die <em>zus\u00e4tzlich<\/em> zu den regelm\u00e4\u00dfigen <a href=\"https:\/\/www.kf-bruchsal.de\/index.php\/events\/naechster-gottesdienst\/\">Sonntagsgottesdiensten<\/a> stattfinden.<\/p>\n<p style=\"text-align: center;\">&nbsp;&gt;&nbsp; Sofern nicht anders angegeben finden die Veranstaltungen in der Talstra\u00dfe 6 in Bruchsal statt. &lt;<\/p>\n<h2 style=\"text-align: center;\">&#8211; 2026 &#8211;<\/h2>\n<h3 style=\"text-align: center;\">April<\/h3>\n<p style=\"text-align: center;\">Mittwoch 29.04.2026 <a href=\"https:\/\/www.kf-bruchsal.de\/index.php\/events\/kfbforum\/\">KfB Forum<\/a><\/p>\n<h3 style=\"text-align: center;\">Mai<\/h3>\n<p style=\"text-align: center;\">Freitag 15.05.2026 <a href=\"https:\/\/www.kf-bruchsal.de\/index.php\/frauenzeit\/\">Frauenzeit<\/a><br \/>\nMittwoch 27.05.2026 <a href=\"https:\/\/www.kf-bruchsal.de\/index.php\/events\/kfbforum\/\">KfB Forum<\/a><\/p>\n<p>&nbsp;<\/p>\n","protected":false},"excerpt":{"rendered":"<p>Hier findest du Bekanntmachungen und Termine zu Veranstaltungen, die zus\u00e4tzlich zu den regelm\u00e4\u00dfigen Sonntagsgottesdiensten stattfinden. &nbsp;&gt;&nbsp; Sofern nicht anders angegeben finden die Veranstaltungen in der Talstra\u00dfe 6 in Bruchsal statt. &lt; &#8211; 2026 &#8211; April Mittwoch 29.04.2026 KfB Forum Mai Freitag 15.05.2026 Frauenzeit Mittwoch 27.05.2026 KfB Forum &nbsp;<\/p>\n","protected":false},"author":24784,"featured_media":83547,"parent":0,"menu_order":0,"comment_status":"closed","ping_status":"closed","template":"","meta":{"ngg_post_thumbnail":0,"footnotes":""},"class_list":["post-83542","page","type-page","status-publish","has-post-thumbnail","hentry","ctfw-has-image"],"_links":{"self":[{"href":"https:\/\/www.kf-bruchsal.de\/index.php\/wp-json\/wp\/v2\/pages\/83542","targetHints":{"allow":["GET"]}}],"collection":[{"href":"https:\/\/www.kf-bruchsal.de\/index.php\/wp-json\/wp\/v2\/pages"}],"about":[{"href":"https:\/\/www.kf-bruchsal.de\/index.php\/wp-json\/wp\/v2\/types\/page"}],"author":[{"embeddable":true,"href":"https:\/\/www.kf-bruchsal.de\/index.php\/wp-json\/wp\/v2\/users\/24784"}],"replies":[{"embeddable":true,"href":"https:\/\/www.kf-bruchsal.de\/index.php\/wp-json\/wp\/v2\/comments?post=83542"}],"version-history":[{"count":114,"href":"https:\/\/www.kf-bruchsal.de\/index.php\/wp-json\/wp\/v2\/pages\/83542\/revisions"}],"predecessor-version":[{"id":85752,"href":"https:\/\/www.kf-bruchsal.de\/index.php\/wp-json\/wp\/v2\/pages\/83542\/revisions\/85752"}],"wp:featuredmedia":[{"embeddable":true,"href":"https:\/\/www.kf-bruchsal.de\/index.php\/wp-json\/wp\/v2\/media\/83547"}],"wp:attachment":[{"href":"https:\/\/www.kf-bruchsal.de\/index.php\/wp-json\/wp\/v2\/media?parent=83542"}],"curies":[{"name":"wp","href":"https:\/\/api.w.org\/{rel}","templated":true}]}}